CRAN Package Check Results for Package KSD

Last updated on 2022-07-06 10:54:34 CEST.

Flavor Version Tinstall Tcheck Ttotal Status Flags
r-devel-linux-x86_64-debian-clang 1.0.1 2.97 26.99 29.96 NOTE
r-devel-linux-x86_64-debian-gcc 1.0.1 2.17 20.90 23.07 NOTE
r-devel-linux-x86_64-fedora-clang 1.0.1 48.72 NOTE
r-devel-linux-x86_64-fedora-gcc 1.0.1 45.83 NOTE
r-devel-windows-x86_64 1.0.1 14.00 55.00 69.00 NOTE
r-patched-linux-x86_64 1.0.1 2.46 26.67 29.13 NOTE
r-release-linux-x86_64 1.0.1 2.10 26.17 28.27 NOTE
r-release-macos-arm64 1.0.1 17.00 NOTE
r-release-macos-x86_64 1.0.1 23.00 NOTE
r-release-windows-x86_64 1.0.1 5.00 53.00 58.00 NOTE
r-oldrel-macos-arm64 1.0.1 22.00 NOTE
r-oldrel-macos-x86_64 1.0.1 27.00 NOTE
r-oldrel-windows-ix86+x86_64 1.0.1 6.00 45.00 51.00 NOTE

Check Details

Version: 1.0.1
Check: LazyData
Result: NOTE
     'LazyData' is specified without a 'data' directory
Flavors: r-devel-linux-x86_64-debian-clang, r-devel-linux-x86_64-debian-gcc, r-devel-linux-x86_64-fedora-clang, r-devel-linux-x86_64-fedora-gcc, r-devel-windows-x86_64, r-patched-linux-x86_64, r-release-linux-x86_64, r-release-macos-arm64, r-release-macos-x86_64, r-release-windows-x86_64, r-oldrel-macos-arm64, r-oldrel-macos-x86_64, r-oldrel-windows-ix86+x86_64