CRAN Package Check Results for Package KarsTS

Last updated on 2021-04-11 20:47:12 CEST.

Flavor Version Tinstall Tcheck Ttotal Status Flags
r-devel-linux-x86_64-debian-clang 2.4.1 14.11 104.81 118.92 OK
r-devel-linux-x86_64-debian-gcc 2.4.1 13.85 76.13 89.98 OK
r-devel-linux-x86_64-fedora-clang 2.4.1 158.42 OK
r-devel-linux-x86_64-fedora-gcc 2.4.1 145.47 OK
r-devel-windows-ix86+x86_64 2.4.1 33.00 114.00 147.00 OK
r-devel-windows-x86_64-gcc10-UCRT 2.4.1 OK
r-patched-linux-x86_64 2.4.1 13.78 91.64 105.42 OK
r-patched-solaris-x86 2.4.1 169.50 OK
r-release-linux-x86_64 2.4.1 13.60 91.91 105.51 OK
r-release-macos-x86_64 2.4.1 OK
r-release-windows-ix86+x86_64 2.4.1 38.00 110.00 148.00 OK
r-oldrel-macos-x86_64 2.4.1 NOTE
r-oldrel-windows-ix86+x86_64 2.4.1 22.00 75.00 97.00 OK

Check Details

Version: 2.4.1
Check: dependencies in R code
Result: NOTE
    No protocol specified
    No protocol specified
Flavor: r-oldrel-macos-x86_64