CRAN Package Check Results for Package KenSyn

Last updated on 2022-12-01 04:51:54 CET.

Flavor Version Tinstall Tcheck Ttotal Status Flags
r-devel-linux-x86_64-debian-clang 0.3 1.95 22.79 24.74 OK
r-devel-linux-x86_64-debian-gcc 0.3 1.83 17.48 19.31 OK
r-devel-linux-x86_64-fedora-clang 0.3 42.32 NOTE
r-devel-linux-x86_64-fedora-gcc 0.3 42.37 NOTE
r-devel-windows-x86_64 0.3 14.00 52.00 66.00 OK
r-patched-linux-x86_64 0.3 1.96 21.99 23.95 OK
r-release-linux-x86_64 0.3 2.45 21.95 24.40 OK
r-release-macos-arm64 0.3 15.00 NOTE
r-release-macos-x86_64 0.3 24.00 NOTE
r-release-windows-x86_64 0.3 21.00 51.00 72.00 OK
r-oldrel-macos-arm64 0.3 19.00 NOTE
r-oldrel-macos-x86_64 0.3 28.00 NOTE
r-oldrel-windows-ix86+x86_64 0.3 7.00 46.00 53.00 OK

Check Details

Version: 0.3
Check: dependencies in R code
Result: NOTE
    Namespaces in Imports field not imported from:
     ‘lme4’ ‘metafor’ ‘nlme’
     All declared Imports should be used.
Flavors: r-devel-linux-x86_64-fedora-clang, r-devel-linux-x86_64-fedora-gcc, r-release-macos-arm64, r-release-macos-x86_64, r-oldrel-macos-arm64, r-oldrel-macos-x86_64