CRAN Package Check Results for Package KernelKnn

Last updated on 2024-02-28 16:50:37 CET.

Flavor Version Tinstall Tcheck Ttotal Status Flags
r-devel-linux-x86_64-debian-clang 1.1.5 33.29 86.25 119.54 NOTE
r-devel-linux-x86_64-debian-gcc 1.1.5 29.66 63.01 92.67 NOTE
r-devel-linux-x86_64-fedora-clang 1.1.5 170.30 NOTE
r-devel-linux-x86_64-fedora-gcc 1.1.5 172.56 NOTE
r-devel-windows-x86_64 1.1.5 31.00 114.00 145.00 NOTE
r-patched-linux-x86_64 1.1.5 43.38 82.99 126.37 NOTE
r-release-linux-x86_64 1.1.5 32.21 82.40 114.61 NOTE
r-release-macos-arm64 1.1.5 58.00 NOTE
r-release-macos-x86_64 1.1.5 91.00 NOTE
r-release-windows-x86_64 1.1.5 40.00 128.00 168.00 NOTE
r-oldrel-macos-arm64 1.1.5 48.00 OK
r-oldrel-windows-x86_64 1.1.5 39.00 130.00 169.00 OK

Check Details

Version: 1.1.5
Check: C++ specification
Result: NOTE Specified C++11: please drop specification unless essential Flavors: r-devel-linux-x86_64-debian-clang, r-devel-linux-x86_64-debian-gcc, r-devel-linux-x86_64-fedora-clang, r-devel-linux-x86_64-fedora-gcc, r-devel-windows-x86_64, r-patched-linux-x86_64, r-release-linux-x86_64, r-release-macos-arm64, r-release-macos-x86_64, r-release-windows-x86_64