CRAN Package Check Results for Package KeyboardSimulator

Last updated on 2023-09-28 12:59:18 CEST.

Flavor Version Tinstall Tcheck Ttotal Status Flags
r-devel-windows-x86_64 2.6.2 121.00 64.00 185.00 OK
r-release-macos-x86_64 2.6.0 5.00 ERROR
r-release-windows-x86_64 2.6.2 130.00 69.00 199.00 OK
r-oldrel-macos-arm64 2.6.0 5.00 OK
r-oldrel-windows-x86_64 2.6.2 142.00 71.00 213.00 OK

Check Details

Version: 2.6.0
Check: PDF version of manual
Result: WARN
    LaTeX errors when creating PDF version.
    This typically indicates Rd problems.
Flavor: r-release-macos-x86_64

Version: 2.6.0
Check: PDF version of manual without index
Result: ERROR
    Re-running with no redirection of stdout/stderr.
Flavor: r-release-macos-x86_64