CRAN Package Check Results for Package KneeArrower

Last updated on 2021-05-13 22:51:04 CEST.

Flavor Version Tinstall Tcheck Ttotal Status Flags
r-devel-linux-x86_64-debian-clang 1.0.0 1.81 24.71 26.52 NOTE
r-devel-linux-x86_64-debian-gcc 1.0.0 1.52 19.72 21.24 NOTE
r-devel-linux-x86_64-fedora-clang 1.0.0 42.95 NOTE
r-devel-linux-x86_64-fedora-gcc 1.0.0 32.24 NOTE
r-devel-windows-ix86+x86_64 1.0.0 6.00 43.00 49.00 NOTE
r-devel-windows-x86_64-gcc10-UCRT 1.0.0 NOTE
r-patched-linux-x86_64 1.0.0 1.88 24.41 26.29 NOTE
r-patched-solaris-x86 1.0.0 49.20 NOTE
r-release-linux-x86_64 1.0.0 1.88 24.26 26.14 OK
r-release-macos-x86_64 1.0.0 OK
r-release-windows-ix86+x86_64 1.0.0 5.00 40.00 45.00 OK
r-oldrel-macos-x86_64 1.0.0 OK
r-oldrel-windows-ix86+x86_64 1.0.0 5.00 40.00 45.00 OK

Check Details

Version: 1.0.0
Check: LazyData
Result: NOTE
     'LazyData' is specified without a 'data' directory
Flavors: r-devel-linux-x86_64-debian-clang, r-devel-linux-x86_64-debian-gcc, r-devel-linux-x86_64-fedora-clang, r-devel-linux-x86_64-fedora-gcc, r-devel-windows-ix86+x86_64, r-devel-windows-x86_64-gcc10-UCRT, r-patched-linux-x86_64, r-patched-solaris-x86