CRAN Package Check Results for Package KoNLP

Last updated on 2018-05-26 04:50:59 CEST.

Flavor Version Tinstall Tcheck Ttotal Status Flags
r-devel-linux-x86_64-debian-clang 0.80.1 5.00 68.24 73.24 OK
r-devel-linux-x86_64-debian-gcc 0.80.1 4.60 52.53 57.13 OK
r-devel-linux-x86_64-fedora-clang 0.80.1 84.58 NOTE
r-devel-linux-x86_64-fedora-gcc 0.80.1 82.75 NOTE
r-devel-windows-ix86+x86_64 0.80.1 10.00 107.00 117.00 NOTE
r-patched-linux-x86_64 0.80.1 4.58 60.38 64.96 NOTE
r-patched-solaris-x86 0.80.1 114.60 NOTE
r-release-linux-x86_64 0.80.1 3.74 59.97 63.71 NOTE
r-release-windows-ix86+x86_64 0.80.1 15.00 91.00 106.00 NOTE
r-release-osx-x86_64 0.80.1 NOTE
r-oldrel-windows-ix86+x86_64 0.80.1 13.00 75.00 88.00 NOTE
r-oldrel-osx-x86_64 0.80.1 NOTE

Check Details

Version: 0.80.1
Check: installed package size
Result: NOTE
     installed size is 6.5Mb
     sub-directories of 1Mb or more:
     java 6.0Mb
Flavors: r-devel-linux-x86_64-fedora-clang, r-devel-linux-x86_64-fedora-gcc, r-devel-windows-ix86+x86_64, r-patched-solaris-x86, r-release-windows-ix86+x86_64, r-release-osx-x86_64, r-oldrel-windows-ix86+x86_64, r-oldrel-osx-x86_64

Version: 0.80.1
Check: DESCRIPTION meta-information
Result: NOTE
    Dependence on R version ‘3.3.1’ not with patchlevel 0
Flavors: r-patched-linux-x86_64, r-release-linux-x86_64