CRAN Package Check Results for Package KoNLP

Last updated on 2018-10-19 22:49:44 CEST.

Flavor Version Tinstall Tcheck Ttotal Status Flags
r-devel-linux-x86_64-debian-clang 0.80.1 5.24 67.70 72.94 OK
r-devel-linux-x86_64-debian-gcc 0.80.1 4.77 53.88 58.65 OK
r-devel-linux-x86_64-fedora-clang 0.80.1 84.37 NOTE
r-devel-linux-x86_64-fedora-gcc 0.80.1 82.28 OK
r-devel-windows-ix86+x86_64 0.80.1 16.00 109.00 125.00 NOTE
r-patched-linux-x86_64 0.80.1 4.79 58.83 63.62 NOTE
r-patched-solaris-x86 0.80.1 102.90 NOTE
r-release-linux-x86_64 0.80.1 4.91 58.69 63.60 NOTE
r-release-windows-ix86+x86_64 0.80.1 12.00 100.00 112.00 NOTE
r-release-osx-x86_64 0.80.1 NOTE
r-oldrel-windows-ix86+x86_64 0.80.1 10.00 107.00 117.00 NOTE
r-oldrel-osx-x86_64 0.80.1 NOTE

Check Details

Version: 0.80.1
Check: installed package size
Result: NOTE
     installed size is 6.5Mb
     sub-directories of 1Mb or more:
     java 6.0Mb
Flavors: r-devel-linux-x86_64-fedora-clang, r-devel-windows-ix86+x86_64, r-patched-solaris-x86, r-release-windows-ix86+x86_64, r-release-osx-x86_64, r-oldrel-windows-ix86+x86_64, r-oldrel-osx-x86_64

Version: 0.80.1
Check: DESCRIPTION meta-information
Result: NOTE
    Dependence on R version ‘3.3.1’ not with patchlevel 0
Flavors: r-patched-linux-x86_64, r-release-linux-x86_64