CRAN Package Check Results for Package KoNLP

Last updated on 2018-08-17 13:46:29 CEST.

Flavor Version Tinstall Tcheck Ttotal Status Flags
r-devel-linux-x86_64-debian-clang 0.80.1 6.00 69.33 75.33 OK
r-devel-linux-x86_64-debian-gcc 0.80.1 4.82 54.86 59.68 OK
r-devel-linux-x86_64-fedora-clang 0.80.1 83.18 NOTE
r-devel-linux-x86_64-fedora-gcc 0.80.1 82.33 OK
r-devel-windows-ix86+x86_64 0.80.1 15.00 95.00 110.00 NOTE
r-patched-linux-x86_64 0.80.1 5.56 60.44 66.00 NOTE
r-patched-solaris-x86 0.80.1 108.00 NOTE
r-release-linux-x86_64 0.80.1 3.99 60.50 64.49 NOTE
r-release-windows-ix86+x86_64 0.80.1 15.00 111.00 126.00 NOTE
r-release-osx-x86_64 0.80.1 NOTE
r-oldrel-windows-ix86+x86_64 0.80.1 14.00 83.00 97.00 NOTE
r-oldrel-osx-x86_64 0.80.1 NOTE

Check Details

Version: 0.80.1
Check: installed package size
Result: NOTE
     installed size is 6.5Mb
     sub-directories of 1Mb or more:
     java 6.0Mb
Flavors: r-devel-linux-x86_64-fedora-clang, r-devel-windows-ix86+x86_64, r-patched-solaris-x86, r-release-windows-ix86+x86_64, r-release-osx-x86_64, r-oldrel-windows-ix86+x86_64, r-oldrel-osx-x86_64

Version: 0.80.1
Check: DESCRIPTION meta-information
Result: NOTE
    Dependence on R version ‘3.3.1’ not with patchlevel 0
Flavors: r-patched-linux-x86_64, r-release-linux-x86_64