CRAN Package Check Results for Package KoNLP

Last updated on 2019-01-23 22:48:29 CET.

Flavor Version Tinstall Tcheck Ttotal Status Flags
r-devel-linux-x86_64-debian-clang 0.80.1 6.10 73.62 79.72 OK
r-devel-linux-x86_64-debian-gcc 0.80.1 5.63 55.10 60.73 OK
r-devel-linux-x86_64-fedora-clang 0.80.1 91.06 NOTE
r-devel-linux-x86_64-fedora-gcc 0.80.1 86.33 OK
r-devel-windows-ix86+x86_64 0.80.1 16.00 82.00 98.00 NOTE
r-patched-linux-x86_64 0.80.1 4.24 68.47 72.71 NOTE
r-patched-solaris-x86 0.80.1 123.30 NOTE
r-release-linux-x86_64 0.80.1 4.86 67.53 72.39 NOTE
r-release-windows-ix86+x86_64 0.80.1 10.00 97.00 107.00 NOTE
r-release-osx-x86_64 0.80.1 NOTE
r-oldrel-windows-ix86+x86_64 0.80.1 15.00 92.00 107.00 NOTE
r-oldrel-osx-x86_64 0.80.1 NOTE

Check Details

Version: 0.80.1
Check: installed package size
Result: NOTE
     installed size is 6.5Mb
     sub-directories of 1Mb or more:
     java 6.0Mb
Flavors: r-devel-linux-x86_64-fedora-clang, r-devel-windows-ix86+x86_64, r-patched-solaris-x86, r-release-windows-ix86+x86_64, r-release-osx-x86_64, r-oldrel-windows-ix86+x86_64, r-oldrel-osx-x86_64

Version: 0.80.1
Check: DESCRIPTION meta-information
Result: NOTE
    Dependence on R version ‘3.3.1’ not with patchlevel 0
Flavors: r-patched-linux-x86_64, r-release-linux-x86_64