CRAN Package Check Results for Package KoNLP

Last updated on 2018-02-25 05:47:29 CET.

Flavor Version Tinstall Tcheck Ttotal Status Flags
r-devel-linux-x86_64-debian-clang 0.80.1 4.14 58.14 62.28 NOTE
r-devel-linux-x86_64-debian-gcc 0.80.1 3.49 45.52 49.01 NOTE
r-devel-linux-x86_64-fedora-clang 0.80.1 77.55 NOTE
r-devel-linux-x86_64-fedora-gcc 0.80.1 78.44 NOTE
r-devel-windows-ix86+x86_64 0.80.1 15.00 92.00 107.00 NOTE
r-patched-linux-x86_64 0.80.1 5.28 64.86 70.14 OK
r-patched-solaris-x86 0.80.1 104.80 NOTE
r-release-linux-x86_64 0.80.1 3.35 64.44 67.79 OK
r-release-windows-ix86+x86_64 0.80.1 16.00 98.00 114.00 NOTE
r-release-osx-x86_64 0.80.1 NOTE
r-oldrel-windows-ix86+x86_64 0.80.1 10.00 68.00 78.00 NOTE
r-oldrel-osx-x86_64 0.80.1 NOTE

Check Details

Version: 0.80.1
Check: DESCRIPTION meta-information
Result: NOTE
    Dependence on R version ‘3.3.1’ not with patchlevel 0
Flavors: r-devel-linux-x86_64-debian-clang, r-devel-linux-x86_64-debian-gcc, r-devel-linux-x86_64-fedora-clang, r-devel-linux-x86_64-fedora-gcc

Version: 0.80.1
Check: installed package size
Result: NOTE
     installed size is 6.5Mb
     sub-directories of 1Mb or more:
     java 6.0Mb
Flavors: r-devel-linux-x86_64-fedora-clang, r-devel-linux-x86_64-fedora-gcc, r-devel-windows-ix86+x86_64, r-patched-solaris-x86, r-release-windows-ix86+x86_64, r-release-osx-x86_64, r-oldrel-windows-ix86+x86_64, r-oldrel-osx-x86_64