Last updated on 2023-12-05 00:52:07 CET.
Flavor | Version | Tinstall | Tcheck | Ttotal | Status | Flags |
---|---|---|---|---|---|---|
r-devel-linux-x86_64-debian-clang | 3.2.1 | 52.42 | 67.02 | 119.44 | NOTE | |
r-devel-linux-x86_64-debian-gcc | 3.2.1 | 37.49 | 52.07 | 89.56 | NOTE | |
r-devel-linux-x86_64-fedora-clang | 3.2.1 | 169.42 | NOTE | |||
r-devel-linux-x86_64-fedora-gcc | 3.2.1 | 180.37 | NOTE | |||
r-devel-windows-x86_64 | 3.2.1 | 43.00 | 86.00 | 129.00 | NOTE | |
r-patched-linux-x86_64 | 3.2.1 | 50.47 | 65.94 | 116.41 | NOTE | |
r-release-linux-x86_64 | 3.2.1 | 47.94 | 67.05 | 114.99 | NOTE | |
r-release-macos-arm64 | 3.2.1 | 51.00 | NOTE | |||
r-release-macos-x86_64 | 3.2.1 | 77.00 | NOTE | |||
r-release-windows-x86_64 | 3.2.1 | 55.00 | 102.00 | 157.00 | NOTE | |
r-oldrel-macos-arm64 | 3.2.1 | 42.00 | NOTE | |||
r-oldrel-macos-x86_64 | 3.2.1 | 57.00 | NOTE | |||
r-oldrel-windows-x86_64 | 3.2.1 | 56.00 | 98.00 | 154.00 | NOTE |
Version: 3.2.1
Check: C++ specification
Result: NOTE
Specified C++11: please drop specification unless essential
Flavors: r-devel-linux-x86_64-debian-clang, r-devel-linux-x86_64-debian-gcc, r-devel-linux-x86_64-fedora-clang, r-devel-linux-x86_64-fedora-gcc, r-devel-windows-x86_64, r-patched-linux-x86_64, r-release-linux-x86_64, r-release-macos-arm64, r-release-macos-x86_64, r-release-windows-x86_64
Version: 3.2.1
Check: LazyData
Result: NOTE
'LazyData' is specified without a 'data' directory
Flavors: r-devel-linux-x86_64-debian-clang, r-devel-linux-x86_64-debian-gcc, r-devel-linux-x86_64-fedora-clang, r-devel-linux-x86_64-fedora-gcc, r-devel-windows-x86_64, r-patched-linux-x86_64, r-release-linux-x86_64, r-release-macos-arm64, r-release-macos-x86_64, r-release-windows-x86_64, r-oldrel-macos-arm64, r-oldrel-macos-x86_64, r-oldrel-windows-x86_64