CRAN Package Check Results for Package KoulMde

Last updated on 2022-12-07 08:54:24 CET.

Flavor Version Tinstall Tcheck Ttotal Status Flags
r-devel-linux-x86_64-debian-clang 3.2.1 55.60 68.74 124.34 NOTE
r-devel-linux-x86_64-debian-gcc 3.2.1 44.38 54.21 98.59 NOTE
r-devel-linux-x86_64-fedora-clang 3.2.1 183.61 NOTE
r-devel-linux-x86_64-fedora-gcc 3.2.1 170.34 NOTE
r-devel-windows-x86_64 3.2.1 47.00 111.00 158.00 NOTE
r-patched-linux-x86_64 3.2.1 47.61 66.72 114.33 NOTE
r-release-linux-x86_64 3.2.1 44.53 66.99 111.52 NOTE
r-release-macos-arm64 3.2.1 43.00 NOTE
r-release-macos-x86_64 3.2.1 57.00 NOTE
r-release-windows-x86_64 3.2.1 47.00 112.00 159.00 NOTE
r-oldrel-macos-arm64 3.2.1 47.00 NOTE
r-oldrel-macos-x86_64 3.2.1 83.00 NOTE
r-oldrel-windows-ix86+x86_64 3.2.1 131.00 126.00 257.00 NOTE

Check Details

Version: 3.2.1
Check: LazyData
Result: NOTE
     'LazyData' is specified without a 'data' directory
Flavors: r-devel-linux-x86_64-debian-clang, r-devel-linux-x86_64-debian-gcc, r-devel-linux-x86_64-fedora-clang, r-devel-linux-x86_64-fedora-gcc, r-devel-windows-x86_64, r-patched-linux-x86_64, r-release-linux-x86_64, r-release-macos-arm64, r-release-macos-x86_64, r-release-windows-x86_64, r-oldrel-macos-arm64, r-oldrel-macos-x86_64, r-oldrel-windows-ix86+x86_64