CRAN Package Check Results for Package L0Learn

Last updated on 2021-05-16 21:47:44 CEST.

Flavor Version Tinstall Tcheck Ttotal Status Flags
r-devel-linux-x86_64-debian-clang 2.0.3 261.21 135.38 396.59 OK
r-devel-linux-x86_64-debian-gcc 2.0.3 182.31 146.59 328.90 OK
r-devel-linux-x86_64-fedora-clang 2.0.3 544.70 NOTE
r-devel-linux-x86_64-fedora-gcc 2.0.3 504.39 OK
r-devel-windows-ix86+x86_64 2.0.3 595.00 259.00 854.00 NOTE
r-devel-windows-x86_64-gcc10-UCRT 2.0.3 OK
r-patched-linux-x86_64 2.0.3 215.55 160.47 376.02 OK
r-patched-solaris-x86 2.0.3 527.10 OK
r-release-linux-x86_64 2.0.3 218.83 161.57 380.40 OK
r-release-macos-x86_64 2.0.3 NOTE
r-release-windows-ix86+x86_64 2.0.3 426.00 202.00 628.00 NOTE
r-oldrel-macos-x86_64 2.0.3 NOTE
r-oldrel-windows-ix86+x86_64 2.0.3 389.00 224.00 613.00 NOTE

Check Details

Version: 2.0.3
Check: installed package size
Result: NOTE
     installed size is 17.4Mb
     sub-directories of 1Mb or more:
     doc 2.4Mb
     libs 14.8Mb
Flavors: r-devel-linux-x86_64-fedora-clang, r-devel-windows-ix86+x86_64, r-release-macos-x86_64, r-release-windows-ix86+x86_64, r-oldrel-macos-x86_64, r-oldrel-windows-ix86+x86_64