Last updated on 2021-04-10 14:47:59 CEST.
Flavor | Version | Tinstall | Tcheck | Ttotal | Status | Flags |
---|---|---|---|---|---|---|
r-devel-linux-x86_64-debian-clang | 1.0 | 39.98 | 102.56 | 142.54 | NOTE | |
r-devel-linux-x86_64-debian-gcc | 1.0 | 27.11 | 72.73 | 99.84 | NOTE | |
r-devel-linux-x86_64-fedora-clang | 1.0 | 180.63 | NOTE | |||
r-devel-linux-x86_64-fedora-gcc | 1.0 | 166.41 | NOTE | |||
r-devel-windows-ix86+x86_64 | 1.0 | 66.00 | 140.00 | 206.00 | NOTE | |
r-devel-windows-x86_64-gcc10-UCRT | 1.0 | NOTE | ||||
r-patched-linux-x86_64 | 1.0 | 28.59 | 90.75 | 119.34 | OK | |
r-patched-solaris-x86 | 1.0 | 205.90 | OK | |||
r-release-linux-x86_64 | 1.0 | 29.56 | 89.79 | 119.35 | OK | |
r-release-macos-x86_64 | 1.0 | OK | ||||
r-release-windows-ix86+x86_64 | 1.0 | 90.00 | 183.00 | 273.00 | OK | |
r-oldrel-macos-x86_64 | 1.0 | OK | ||||
r-oldrel-windows-ix86+x86_64 | 1.0 | 74.00 | 134.00 | 208.00 | OK |
Version: 1.0
Check: LazyData
Result: NOTE
'LazyData' is specified without a 'data' directory
Flavors: r-devel-linux-x86_64-debian-clang, r-devel-linux-x86_64-debian-gcc, r-devel-linux-x86_64-fedora-clang, r-devel-linux-x86_64-fedora-gcc, r-devel-windows-ix86+x86_64, r-devel-windows-x86_64-gcc10-UCRT