CRAN Package Check Results for Package L2E

Last updated on 2024-03-04 01:52:55 CET.

Flavor Version Tinstall Tcheck Ttotal Status Flags
r-devel-linux-x86_64-debian-clang 2.0 10.06 155.58 165.64 OK
r-devel-linux-x86_64-debian-gcc 2.0 9.29 115.70 124.99 OK
r-devel-linux-x86_64-fedora-clang 2.0 209.76 NOTE
r-devel-linux-x86_64-fedora-gcc 2.0 210.41 NOTE
r-devel-windows-x86_64 2.0 10.00 187.00 197.00 OK
r-patched-linux-x86_64 2.0 11.85 152.48 164.33 OK
r-release-linux-x86_64 2.0 11.95 150.26 162.21 OK
r-release-macos-arm64 2.0 61.00 OK
r-release-macos-x86_64 2.0 109.00 OK
r-release-windows-x86_64 2.0 14.00 200.00 214.00 OK
r-oldrel-macos-arm64 2.0 62.00 NOTE
r-oldrel-windows-x86_64 2.0 13.00 189.00 202.00 OK

Check Details

Version: 2.0
Check: dependencies in R code
Result: NOTE Namespace in Imports field not imported from: ‘robustbase’ All declared Imports should be used. Flavors: r-devel-linux-x86_64-fedora-clang, r-devel-linux-x86_64-fedora-gcc, r-oldrel-macos-arm64