CRAN Package Check Results for Package LAGOSNE

Last updated on 2018-05-24 04:49:41 CEST.

Flavor Version Tinstall Tcheck Ttotal Status Flags
r-devel-linux-x86_64-debian-clang 1.1.0 3.22 46.66 49.88 OK
r-devel-linux-x86_64-debian-gcc 1.1.0 4.23 44.24 48.47 OK
r-devel-linux-x86_64-fedora-clang 1.1.0 72.92 OK
r-devel-linux-x86_64-fedora-gcc 1.1.0 69.90 OK
r-devel-windows-ix86+x86_64 1.1.0 12.00 60.00 72.00 OK
r-patched-linux-x86_64 1.1.0 4.16 46.82 50.98 NOTE
r-patched-solaris-x86 1.1.0 120.90 OK
r-release-linux-x86_64 1.1.0 3.36 45.76 49.12 NOTE
r-release-windows-ix86+x86_64 1.1.0 13.00 80.00 93.00 OK
r-release-osx-x86_64 1.1.0 OK
r-oldrel-windows-ix86+x86_64 1.1.0 13.00 93.00 106.00 OK
r-oldrel-osx-x86_64 1.1.0 OK

Check Details

Version: 1.1.0
Check: DESCRIPTION meta-information
Result: NOTE
    Dependence on R version ‘3.3.1’ not with patchlevel 0
Flavors: r-patched-linux-x86_64, r-release-linux-x86_64