CRAN Package Check Results for Package LAGOSNE

Last updated on 2018-02-21 19:48:04 CET.

Flavor Version Tinstall Tcheck Ttotal Status Flags
r-devel-linux-x86_64-debian-clang 1.1.0 3.73 44.43 48.16 NOTE
r-devel-linux-x86_64-debian-gcc 1.1.0 3.59 38.99 42.58 NOTE
r-devel-linux-x86_64-fedora-clang 1.1.0 59.50 NOTE
r-devel-linux-x86_64-fedora-gcc 1.1.0 58.30 NOTE
r-devel-windows-ix86+x86_64 1.1.0 8.00 55.00 63.00 OK
r-patched-linux-x86_64 1.1.0 3.11 49.39 52.50 OK
r-patched-solaris-x86 1.1.0 107.20 OK
r-release-linux-x86_64 1.1.0 3.56 48.80 52.36 OK
r-release-windows-ix86+x86_64 1.1.0 16.00 76.00 92.00 OK
r-release-osx-x86_64 1.1.0 OK
r-oldrel-windows-ix86+x86_64 1.1.0 8.00 55.00 63.00 OK
r-oldrel-osx-x86_64 1.1.0 OK

Check Details

Version: 1.1.0
Check: DESCRIPTION meta-information
Result: NOTE
    Dependence on R version ‘3.3.1’ not with patchlevel 0
Flavors: r-devel-linux-x86_64-debian-clang, r-devel-linux-x86_64-debian-gcc, r-devel-linux-x86_64-fedora-clang, r-devel-linux-x86_64-fedora-gcc