CRAN Package Check Results for Package LAGOSNE

Last updated on 2018-08-16 22:50:35 CEST.

Flavor Version Tinstall Tcheck Ttotal Status Flags
r-devel-linux-x86_64-debian-clang 1.1.0 4.76 54.68 59.44 OK
r-devel-linux-x86_64-debian-gcc 1.1.0 4.44 46.32 50.76 OK
r-devel-linux-x86_64-fedora-clang 1.1.0 70.51 OK
r-devel-linux-x86_64-fedora-gcc 1.1.0 68.11 OK
r-devel-windows-ix86+x86_64 1.1.0 16.00 82.00 98.00 OK
r-patched-linux-x86_64 1.1.0 4.22 47.36 51.58 NOTE
r-patched-solaris-x86 1.1.0 117.90 OK
r-release-linux-x86_64 1.1.0 4.57 47.86 52.43 NOTE
r-release-windows-ix86+x86_64 1.1.0 12.00 93.00 105.00 OK
r-release-osx-x86_64 1.1.0 OK
r-oldrel-windows-ix86+x86_64 1.1.0 13.00 73.00 86.00 OK
r-oldrel-osx-x86_64 1.1.0 OK

Check Details

Version: 1.1.0
Check: DESCRIPTION meta-information
Result: NOTE
    Dependence on R version ‘3.3.1’ not with patchlevel 0
Flavors: r-patched-linux-x86_64, r-release-linux-x86_64