CRAN Package Check Results for Package LAGOSNE

Last updated on 2018-10-19 22:49:44 CEST.

Flavor Version Tinstall Tcheck Ttotal Status Flags
r-devel-linux-x86_64-debian-clang 1.1.0 5.01 56.03 61.04 OK
r-devel-linux-x86_64-debian-gcc 1.1.0 4.24 47.34 51.58 OK
r-devel-linux-x86_64-fedora-clang 1.1.0 71.54 OK
r-devel-linux-x86_64-fedora-gcc 1.1.0 68.28 OK
r-devel-windows-ix86+x86_64 1.1.0 14.00 90.00 104.00 OK
r-patched-linux-x86_64 1.1.0 3.42 46.98 50.40 NOTE
r-patched-solaris-x86 1.1.0 111.70 OK
r-release-linux-x86_64 1.1.0 3.18 47.79 50.97 NOTE
r-release-windows-ix86+x86_64 1.1.0 14.00 80.00 94.00 OK
r-release-osx-x86_64 1.1.0 OK
r-oldrel-windows-ix86+x86_64 1.1.0 8.00 60.00 68.00 OK
r-oldrel-osx-x86_64 1.1.0 OK

Check Details

Version: 1.1.0
Check: DESCRIPTION meta-information
Result: NOTE
    Dependence on R version ‘3.3.1’ not with patchlevel 0
Flavors: r-patched-linux-x86_64, r-release-linux-x86_64