CRAN Package Check Results for Package LANDD

Last updated on 2018-02-25 09:50:23 CET.

Flavor Version Tinstall Tcheck Ttotal Status Flags
r-devel-linux-x86_64-debian-clang 1.1.0 29.37 165.99 195.36 NOTE
r-devel-linux-x86_64-debian-gcc 1.1.0 22.94 133.20 156.14 NOTE
r-devel-windows-ix86+x86_64 1.1.0 73.00 290.00 363.00 WARN
r-patched-linux-x86_64 1.1.0 27.66 162.30 189.96 NOTE
r-patched-solaris-x86 1.1.0 311.60 NOTE
r-release-linux-x86_64 1.1.0 25.81 161.99 187.80 NOTE
r-release-windows-ix86+x86_64 1.1.0 84.00 306.00 390.00 NOTE
r-release-osx-x86_64 1.1.0 ERROR
r-oldrel-windows-ix86+x86_64 1.1.0 58.00 224.00 282.00 NOTE
r-oldrel-osx-x86_64 1.1.0 OK

Check Details

Version: 1.1.0
Check: R code for possible problems
Result: NOTE
    getGO: no visible global function definition for ‘new’
    getGO: no visible global function definition for ‘getGeneric’
    graph.kd: no visible global function definition for ‘as’
    Undefined global functions or variables:
     as getGeneric new
    Consider adding
     importFrom("methods", "as", "getGeneric", "new")
    to your NAMESPACE file (and ensure that your DESCRIPTION Imports field
    contains 'methods').
Flavors: r-devel-linux-x86_64-debian-clang, r-devel-linux-x86_64-debian-gcc, r-devel-windows-ix86+x86_64, r-patched-linux-x86_64, r-patched-solaris-x86, r-release-linux-x86_64, r-release-windows-ix86+x86_64, r-oldrel-windows-ix86+x86_64

Version: 1.1.0
Check: compiled code
Result: NOTE
    File ‘LANDD/libs/LANDD.so’:
     Found no calls to: ‘R_registerRoutines’, ‘R_useDynamicSymbols’
    
    It is good practice to register native routines and to disable symbol
    search.
    
    See ‘Writing portable packages’ in the ‘Writing R Extensions’ manual.
Flavors: r-devel-linux-x86_64-debian-clang, r-devel-linux-x86_64-debian-gcc, r-patched-linux-x86_64, r-release-linux-x86_64

Version: 1.1.0
Check: whether package can be installed
Result: WARN
    Found the following significant warnings:
     d:/RCompile/CRANpkg/lib/3.5/BH/include/boost/math/special_functions/detail/bernoulli_details.hpp:72:36: warning: ISO C++ 1998 does not support 'long long' [-Wlong-long]
     d:/RCompile/CRANpkg/lib/3.5/BH/include/boost/math/special_functions/detail/bernoulli_details.hpp:96:9: warning: ISO C++ 1998 does not support 'long long' [-Wlong-long]
Flavor: r-devel-windows-ix86+x86_64

Version: 1.1.0
Check: package dependencies
Result: ERROR
    Packages required but not available: ‘GOstats’ ‘GOSemSim’
    
    See section ‘The DESCRIPTION file’ in the ‘Writing R Extensions’
    manual.
Flavor: r-release-osx-x86_64