CRAN Package Check Results for Package LANDD

Last updated on 2018-11-18 12:46:25 CET.

Flavor Version Tinstall Tcheck Ttotal Status Flags
r-devel-linux-x86_64-debian-clang 1.1.0 31.40 201.11 232.51 NOTE
r-devel-linux-x86_64-debian-gcc 1.1.0 25.55 158.95 184.50 NOTE
r-devel-linux-x86_64-fedora-clang 1.1.0 277.71 NOTE
r-devel-linux-x86_64-fedora-gcc 1.1.0 268.16 NOTE
r-devel-windows-ix86+x86_64 1.1.0 79.00 372.00 451.00 WARN
r-patched-linux-x86_64 1.1.0 31.71 191.55 223.26 NOTE
r-patched-solaris-x86 1.1.0 398.80 NOTE
r-release-linux-x86_64 1.1.0 31.03 194.36 225.39 NOTE
r-release-windows-ix86+x86_64 1.1.0 92.00 277.00 369.00 NOTE
r-release-osx-x86_64 1.1.0 NOTE
r-oldrel-windows-ix86+x86_64 1.1.0 87.00 370.00 457.00 NOTE
r-oldrel-osx-x86_64 1.1.0 ERROR

Check Details

Version: 1.1.0
Check: R code for possible problems
Result: NOTE
    getGO: no visible global function definition for ‘new’
    getGO: no visible global function definition for ‘getGeneric’
    graph.kd: no visible global function definition for ‘as’
    Undefined global functions or variables:
     as getGeneric new
    Consider adding
     importFrom("methods", "as", "getGeneric", "new")
    to your NAMESPACE file (and ensure that your DESCRIPTION Imports field
    contains 'methods').
Flavors: r-devel-linux-x86_64-debian-clang, r-devel-linux-x86_64-debian-gcc, r-devel-linux-x86_64-fedora-clang, r-devel-linux-x86_64-fedora-gcc, r-devel-windows-ix86+x86_64, r-patched-linux-x86_64, r-patched-solaris-x86, r-release-linux-x86_64, r-release-windows-ix86+x86_64, r-release-osx-x86_64, r-oldrel-windows-ix86+x86_64

Version: 1.1.0
Check: compiled code
Result: NOTE
    File ‘LANDD/libs/LANDD.so’:
     Found no calls to: ‘R_registerRoutines’, ‘R_useDynamicSymbols’
    
    It is good practice to register native routines and to disable symbol
    search.
    
    See ‘Writing portable packages’ in the ‘Writing R Extensions’ manual.
Flavors: r-devel-linux-x86_64-fedora-clang, r-devel-linux-x86_64-fedora-gcc

Version: 1.1.0
Check: whether package can be installed
Result: WARN
    Found the following significant warnings:
     d:/RCompile/CRANpkg/lib/3.6/BH/include/boost/math/special_functions/detail/bernoulli_details.hpp:72:36: warning: ISO C++ 1998 does not support 'long long' [-Wlong-long]
     d:/RCompile/CRANpkg/lib/3.6/BH/include/boost/math/special_functions/detail/bernoulli_details.hpp:96:9: warning: ISO C++ 1998 does not support 'long long' [-Wlong-long]
Flavor: r-devel-windows-ix86+x86_64

Version: 1.1.0
Check: whether package can be installed
Result: ERROR
    Installation failed.
Flavor: r-oldrel-osx-x86_64