Last updated on 2021-03-05 14:47:49 CET.
Flavor | Version | Tinstall | Tcheck | Ttotal | Status | Flags |
---|---|---|---|---|---|---|
r-devel-linux-x86_64-debian-clang | 1.1.0 | 49.85 | 250.77 | 300.62 | NOTE | |
r-devel-linux-x86_64-debian-gcc | 1.1.0 | 37.89 | 182.99 | 220.88 | NOTE | |
r-devel-linux-x86_64-fedora-clang | 1.1.0 | 434.46 | NOTE | |||
r-devel-linux-x86_64-fedora-gcc | 1.1.0 | 419.70 | NOTE | |||
r-devel-windows-ix86+x86_64 | 1.1.0 | 118.00 | 378.00 | 496.00 | NOTE | |
r-patched-linux-x86_64 | 1.1.0 | NOTE | ||||
r-patched-solaris-x86 | 1.1.0 | 484.70 | NOTE | |||
r-release-linux-x86_64 | 1.1.0 | 42.69 | 224.92 | 267.61 | NOTE | |
r-release-macos-x86_64 | 1.1.0 | NOTE | ||||
r-release-windows-ix86+x86_64 | 1.1.0 | 82.00 | 293.00 | 375.00 | NOTE | |
r-oldrel-macos-x86_64 | 1.1.0 | ERROR | ||||
r-oldrel-windows-ix86+x86_64 | 1.1.0 | 75.00 | 254.00 | 329.00 | NOTE |
Version: 1.1.0
Check: R code for possible problems
Result: NOTE
getGO: no visible global function definition for 'new'
getGO: no visible global function definition for 'getGeneric'
graph.kd: no visible global function definition for 'as'
Undefined global functions or variables:
as getGeneric new
Consider adding
importFrom("methods", "as", "getGeneric", "new")
to your NAMESPACE file (and ensure that your DESCRIPTION Imports field
contains 'methods').
Flavors: r-devel-linux-x86_64-debian-clang, r-devel-linux-x86_64-debian-gcc, r-devel-linux-x86_64-fedora-clang, r-devel-linux-x86_64-fedora-gcc, r-devel-windows-ix86+x86_64, r-patched-linux-x86_64, r-patched-solaris-x86, r-release-linux-x86_64, r-release-macos-x86_64, r-release-windows-ix86+x86_64, r-oldrel-windows-ix86+x86_64
Version: 1.1.0
Check: compiled code
Result: NOTE
File ‘LANDD/libs/LANDD.so’:
Found no calls to: ‘R_registerRoutines’, ‘R_useDynamicSymbols’
It is good practice to register native routines and to disable symbol
search.
See ‘Writing portable packages’ in the ‘Writing R Extensions’ manual.
Flavors: r-devel-linux-x86_64-fedora-clang, r-devel-linux-x86_64-fedora-gcc
Version: 1.1.0
Check: whether package can be installed
Result: ERROR
Installation failed.
Flavor: r-oldrel-macos-x86_64