CRAN Package Check Results for Package LANDD

Last updated on 2018-05-24 08:48:52 CEST.

Flavor Version Tinstall Tcheck Ttotal Status Flags
r-devel-linux-x86_64-debian-clang 1.1.0 28.78 185.46 214.24 NOTE
r-devel-linux-x86_64-debian-gcc 1.1.0 28.78 162.23 191.01 NOTE
r-devel-linux-x86_64-fedora-clang 1.1.0 297.78 NOTE
r-devel-linux-x86_64-fedora-gcc 1.1.0 286.49 NOTE
r-devel-windows-ix86+x86_64 1.1.0 55.00 276.00 331.00 WARN
r-patched-linux-x86_64 1.1.0 28.44 167.57 196.01 NOTE
r-patched-solaris-x86 1.1.0 338.60 NOTE
r-release-linux-x86_64 1.1.0 28.98 166.00 194.98 NOTE
r-release-windows-ix86+x86_64 1.1.0 71.00 304.00 375.00 NOTE
r-release-osx-x86_64 1.1.0 NOTE
r-oldrel-windows-ix86+x86_64 1.1.0 81.00 303.00 384.00 NOTE
r-oldrel-osx-x86_64 1.1.0 ERROR

Check Details

Version: 1.1.0
Check: R code for possible problems
Result: NOTE
    getGO: no visible global function definition for ‘new’
    getGO: no visible global function definition for ‘getGeneric’
    graph.kd: no visible global function definition for ‘as’
    Undefined global functions or variables:
     as getGeneric new
    Consider adding
     importFrom("methods", "as", "getGeneric", "new")
    to your NAMESPACE file (and ensure that your DESCRIPTION Imports field
    contains 'methods').
Flavors: r-devel-linux-x86_64-debian-clang, r-devel-linux-x86_64-debian-gcc, r-devel-linux-x86_64-fedora-clang, r-devel-linux-x86_64-fedora-gcc, r-devel-windows-ix86+x86_64, r-patched-linux-x86_64, r-patched-solaris-x86, r-release-linux-x86_64, r-release-windows-ix86+x86_64, r-release-osx-x86_64, r-oldrel-windows-ix86+x86_64

Version: 1.1.0
Check: compiled code
Result: NOTE
    File ‘LANDD/libs/LANDD.so’:
     Found no calls to: ‘R_registerRoutines’, ‘R_useDynamicSymbols’
    
    It is good practice to register native routines and to disable symbol
    search.
    
    See ‘Writing portable packages’ in the ‘Writing R Extensions’ manual.
Flavors: r-devel-linux-x86_64-debian-clang, r-devel-linux-x86_64-debian-gcc, r-devel-linux-x86_64-fedora-clang, r-devel-linux-x86_64-fedora-gcc, r-patched-linux-x86_64, r-release-linux-x86_64

Version: 1.1.0
Check: whether package can be installed
Result: WARN
    Found the following significant warnings:
     d:/RCompile/CRANpkg/lib/3.6/BH/include/boost/math/special_functions/detail/bernoulli_details.hpp:72:36: warning: ISO C++ 1998 does not support 'long long' [-Wlong-long]
     d:/RCompile/CRANpkg/lib/3.6/BH/include/boost/math/special_functions/detail/bernoulli_details.hpp:96:9: warning: ISO C++ 1998 does not support 'long long' [-Wlong-long]
Flavor: r-devel-windows-ix86+x86_64

Version: 1.1.0
Check: whether package can be installed
Result: ERROR
    Installation failed.
Flavor: r-oldrel-osx-x86_64