CRAN Package Check Results for Package LCAvarsel

Last updated on 2019-06-17 09:49:46 CEST.

Flavor Version Tinstall Tcheck Ttotal Status Flags
r-devel-linux-x86_64-debian-clang 1.1 3.40 32.23 35.63 OK
r-devel-linux-x86_64-debian-gcc 1.1 2.57 25.37 27.94 OK
r-devel-linux-x86_64-fedora-clang 1.1 41.76 NOTE
r-devel-linux-x86_64-fedora-gcc 1.1 40.34 NOTE
r-devel-windows-ix86+x86_64 1.1 10.00 65.00 75.00 OK
r-patched-linux-x86_64 1.1 3.42 32.07 35.49 OK
r-patched-solaris-x86 1.1 68.40 NOTE
r-release-linux-x86_64 1.1 2.86 31.79 34.65 OK
r-release-windows-ix86+x86_64 1.1 6.00 44.00 50.00 OK
r-release-osx-x86_64 1.1 NOTE
r-oldrel-windows-ix86+x86_64 1.1 3.00 57.00 60.00 OK
r-oldrel-osx-x86_64 1.1 NOTE

Check Details

Version: 1.1
Check: dependencies in R code
Result: NOTE
    Namespace in Imports field not imported from: ‘doParallel’
     All declared Imports should be used.
Flavors: r-devel-linux-x86_64-fedora-clang, r-devel-linux-x86_64-fedora-gcc, r-patched-solaris-x86, r-release-osx-x86_64, r-oldrel-osx-x86_64