CRAN Package Check Results for Package LCAvarsel

Last updated on 2019-04-20 16:49:52 CEST.

Flavor Version Tinstall Tcheck Ttotal Status Flags
r-devel-linux-x86_64-debian-clang 1.1 3.21 32.00 35.21 OK
r-devel-linux-x86_64-debian-gcc 1.1 2.89 28.87 31.76 OK
r-devel-linux-x86_64-fedora-clang 1.1 41.89 NOTE
r-devel-linux-x86_64-fedora-gcc 1.1 39.86 NOTE
r-devel-windows-ix86+x86_64 1.1 8.00 71.00 79.00 OK
r-patched-linux-x86_64 1.1 3.46 32.15 35.61 OK
r-patched-solaris-x86 1.1 66.20 NOTE
r-release-linux-x86_64 1.1 2.43 29.21 31.64 OK
r-release-windows-ix86+x86_64 1.1 4.00 42.00 46.00 OK
r-release-osx-x86_64 1.1 NOTE
r-oldrel-windows-ix86+x86_64 1.1 4.00 55.00 59.00 OK
r-oldrel-osx-x86_64 1.1 NOTE

Check Details

Version: 1.1
Check: dependencies in R code
Result: NOTE
    Namespace in Imports field not imported from: ‘doParallel’
     All declared Imports should be used.
Flavors: r-devel-linux-x86_64-fedora-clang, r-devel-linux-x86_64-fedora-gcc, r-patched-solaris-x86, r-release-osx-x86_64, r-oldrel-osx-x86_64