CRAN Package Check Results for Package LCox

Last updated on 2022-08-13 09:54:27 CEST.

Flavor Version Tinstall Tcheck Ttotal Status Flags
r-devel-linux-x86_64-debian-clang 0.1.0 10.81 109.40 120.21 ERROR
r-devel-linux-x86_64-debian-gcc 0.1.0 10.44 80.89 91.33 ERROR
r-devel-linux-x86_64-fedora-clang 0.1.0 167.90 ERROR
r-devel-linux-x86_64-fedora-gcc 0.1.0 158.60 ERROR
r-devel-windows-x86_64 0.1.0 13.00 125.00 138.00 ERROR
r-patched-linux-x86_64 0.1.0 10.49 101.29 111.78 ERROR
r-release-linux-x86_64 0.1.0 8.03 103.19 111.22 ERROR
r-release-macos-arm64 0.1.0 42.00 NOTE
r-release-macos-x86_64 0.1.0 71.00 NOTE
r-release-windows-x86_64 0.1.0 15.00 124.00 139.00 ERROR
r-oldrel-macos-arm64 0.1.0 57.00 NOTE
r-oldrel-macos-x86_64 0.1.0 93.00 NOTE
r-oldrel-windows-ix86+x86_64 0.1.0 29.00 121.00 150.00 ERROR

Check Details

Version: 0.1.0
Check: LazyData
Result: NOTE
     'LazyData' is specified without a 'data' directory
Flavors: r-devel-linux-x86_64-debian-clang, r-devel-linux-x86_64-debian-gcc, r-devel-linux-x86_64-fedora-clang, r-devel-linux-x86_64-fedora-gcc, r-devel-windows-x86_64, r-patched-linux-x86_64, r-release-linux-x86_64, r-release-macos-arm64, r-release-macos-x86_64, r-release-windows-x86_64, r-oldrel-macos-arm64, r-oldrel-macos-x86_64, r-oldrel-windows-ix86+x86_64

Version: 0.1.0
Check: examples
Result: ERROR
    Running examples in 'LCox-Ex.R' failed
    The error most likely occurred in:
    
    > base::assign(".ptime", proc.time(), pos = "CheckExEnv")
    > ### Name: LCox
    > ### Title: Hypothesis Testing for longitudinal gene profiles and the
    > ### survival outcome.
    > ### Aliases: LCox
    >
    > ### ** Examples
    >
    > data.list = simudata()
    > data = data.list$data
    > data.id = data.list$data.id
    > res = LCox(data = data, data.id = data.id, geneID = 3:4)
    > res = LCox(data = data, data.id = data.id, geneID = 3:4, varID = 4)
    Error in `[.data.frame`(xx, "P(>|Chi|)") : undefined columns selected
    Calls: LCox -> sapply -> lapply -> FUN -> [ -> [.data.frame
    Execution halted
Flavors: r-devel-linux-x86_64-debian-clang, r-devel-linux-x86_64-debian-gcc, r-patched-linux-x86_64, r-release-linux-x86_64

Version: 0.1.0
Check: examples
Result: ERROR
    Running examples in ‘LCox-Ex.R’ failed
    The error most likely occurred in:
    
    > ### Name: LCox
    > ### Title: Hypothesis Testing for longitudinal gene profiles and the
    > ### survival outcome.
    > ### Aliases: LCox
    >
    > ### ** Examples
    >
    > data.list = simudata()
    > data = data.list$data
    > data.id = data.list$data.id
    > res = LCox(data = data, data.id = data.id, geneID = 3:4)
    > res = LCox(data = data, data.id = data.id, geneID = 3:4, varID = 4)
    Error in `[.data.frame`(xx, "P(>|Chi|)") : undefined columns selected
    Calls: LCox -> sapply -> lapply -> FUN -> [ -> [.data.frame
    Execution halted
Flavors: r-devel-linux-x86_64-fedora-clang, r-devel-linux-x86_64-fedora-gcc, r-devel-windows-x86_64, r-release-windows-x86_64, r-oldrel-windows-ix86+x86_64