CRAN Package Check Results for Package LEANR

Last updated on 2018-08-19 11:47:56 CEST.

Flavor Version Tinstall Tcheck Ttotal Status Flags
r-devel-linux-x86_64-debian-clang 1.4.9 6.78 155.41 162.19 OK
r-devel-linux-x86_64-debian-gcc 1.4.9 5.26 122.59 127.85 OK
r-devel-linux-x86_64-fedora-clang 1.4.9 188.64 OK
r-devel-linux-x86_64-fedora-gcc 1.4.9 188.31 OK
r-devel-windows-ix86+x86_64 1.4.9 12.00 227.00 239.00 NOTE
r-patched-linux-x86_64 1.4.9 7.23 155.09 162.32 OK
r-patched-solaris-x86 1.4.9 239.20 OK
r-release-linux-x86_64 1.4.9 5.62 156.61 162.23 OK
r-release-windows-ix86+x86_64 1.4.9 13.00 232.00 245.00 NOTE
r-release-osx-x86_64 1.4.9 OK
r-oldrel-windows-ix86+x86_64 1.4.9 10.00 175.00 185.00 NOTE
r-oldrel-osx-x86_64 1.4.9 OK

Check Details

Version: 1.4.9
Check: package dependencies
Result: NOTE
    Package suggested but not available for checking: 'doMC'
Flavors: r-devel-windows-ix86+x86_64, r-release-windows-ix86+x86_64, r-oldrel-windows-ix86+x86_64