CRAN Package Check Results for Package LEANR

Last updated on 2018-05-24 11:49:41 CEST.

Flavor Version Tinstall Tcheck Ttotal Status Flags
r-devel-linux-x86_64-debian-clang 1.4.9 5.12 136.34 141.46 OK
r-devel-linux-x86_64-debian-gcc 1.4.9 5.66 121.04 126.70 OK
r-devel-linux-x86_64-fedora-clang 1.4.9 194.66 OK
r-devel-linux-x86_64-fedora-gcc 1.4.9 192.61 OK
r-devel-windows-ix86+x86_64 1.4.9 8.00 231.00 239.00 NOTE
r-patched-linux-x86_64 1.4.9 5.70 158.41 164.11 OK
r-patched-solaris-x86 1.4.9 240.10 OK
r-release-linux-x86_64 1.4.9 7.40 157.68 165.08 OK
r-release-windows-ix86+x86_64 1.4.9 12.00 223.00 235.00 NOTE
r-release-osx-x86_64 1.4.9 OK
r-oldrel-windows-ix86+x86_64 1.4.9 12.00 218.00 230.00 NOTE
r-oldrel-osx-x86_64 1.4.9 OK

Check Details

Version: 1.4.9
Check: package dependencies
Result: NOTE
    Package suggested but not available for checking: 'doMC'
Flavors: r-devel-windows-ix86+x86_64, r-release-windows-ix86+x86_64, r-oldrel-windows-ix86+x86_64