CRAN Package Check Results for Package LEANR

Last updated on 2019-02-21 07:48:40 CET.

Flavor Version Tinstall Tcheck Ttotal Status Flags
r-devel-linux-x86_64-debian-clang 1.4.9 7.69 170.56 178.25 OK
r-devel-linux-x86_64-debian-gcc 1.4.9 5.84 127.62 133.46 OK
r-devel-linux-x86_64-fedora-clang 1.4.9 200.21 OK
r-devel-linux-x86_64-fedora-gcc 1.4.9 190.55 OK
r-devel-windows-ix86+x86_64 1.4.9 14.00 237.00 251.00 NOTE
r-patched-linux-x86_64 1.4.9 OK
r-patched-solaris-x86 1.4.9 243.30 OK
r-release-linux-x86_64 1.4.9 OK
r-release-windows-ix86+x86_64 1.4.9 9.00 231.00 240.00 NOTE
r-release-osx-x86_64 1.4.9 OK
r-oldrel-windows-ix86+x86_64 1.4.9 10.00 184.00 194.00 NOTE
r-oldrel-osx-x86_64 1.4.9 OK

Check Details

Version: 1.4.9
Check: package dependencies
Result: NOTE
    Package suggested but not available for checking: 'doMC'
Flavors: r-devel-windows-ix86+x86_64, r-release-windows-ix86+x86_64, r-oldrel-windows-ix86+x86_64