CRAN Package Check Results for Package LHD

Last updated on 2022-11-30 19:53:31 CET.

Flavor Version Tinstall Tcheck Ttotal Status Flags
r-devel-linux-x86_64-debian-clang 1.3.3 6.16 98.33 104.49 NOTE
r-devel-linux-x86_64-debian-gcc 1.3.3 4.94 68.93 73.87 NOTE
r-devel-linux-x86_64-fedora-clang 1.3.3 133.93 NOTE
r-devel-linux-x86_64-fedora-gcc 1.3.3 140.94 NOTE
r-devel-windows-x86_64 1.3.3 18.00 144.00 162.00 NOTE
r-patched-linux-x86_64 1.3.3 5.71 96.35 102.06 OK
r-release-linux-x86_64 1.3.3 6.61 94.36 100.97 OK
r-release-macos-arm64 1.3.3 31.00 OK
r-release-macos-x86_64 1.3.3 43.00 OK
r-release-windows-x86_64 1.3.3 22.00 118.00 140.00 OK
r-oldrel-macos-arm64 1.3.3 29.00 OK
r-oldrel-macos-x86_64 1.3.3 46.00 OK
r-oldrel-windows-ix86+x86_64 1.3.3 11.00 123.00 134.00 OK

Check Details

Version: 1.3.3
Check: package subdirectories
Result: NOTE
    Problems with news in 'NEWS.md':
    No news entries found.
Flavors: r-devel-linux-x86_64-debian-clang, r-devel-linux-x86_64-debian-gcc, r-devel-linux-x86_64-fedora-clang, r-devel-linux-x86_64-fedora-gcc, r-devel-windows-x86_64