CRAN Package Check Results for Package LOST

Last updated on 2018-02-24 23:49:04 CET.

Flavor Version Tinstall Tcheck Ttotal Status Flags
r-devel-linux-x86_64-debian-clang 1.3 3.70 45.19 48.89 OK
r-devel-linux-x86_64-debian-gcc 1.3 3.37 35.88 39.25 OK
r-devel-windows-ix86+x86_64 1.3 10.00 75.00 85.00 OK
r-patched-linux-x86_64 1.3 3.31 46.26 49.57 OK
r-patched-solaris-x86 1.3 78.20 OK
r-release-linux-x86_64 1.3 3.08 46.21 49.29 OK
r-release-windows-ix86+x86_64 1.3 10.00 79.00 89.00 OK
r-release-osx-x86_64 1.3 ERROR
r-oldrel-windows-ix86+x86_64 1.3 7.00 58.00 65.00 OK
r-oldrel-osx-x86_64 1.3 OK

Check Details

Version: 1.3
Check: package dependencies
Result: ERROR
    Package required but not available: ‘pcaMethods’
    
    See section ‘The DESCRIPTION file’ in the ‘Writing R Extensions’
    manual.
Flavor: r-release-osx-x86_64