Last updated on 2021-02-27 09:50:20 CET.
Flavor | Version | Tinstall | Tcheck | Ttotal | Status | Flags |
---|---|---|---|---|---|---|
r-devel-linux-x86_64-debian-clang | 1.0-2 | 12.79 | 117.67 | 130.46 | OK | |
r-devel-linux-x86_64-debian-gcc | 1.0-2 | 10.86 | 88.00 | 98.86 | OK | |
r-devel-linux-x86_64-fedora-clang | 1.0-2 | 173.16 | NOTE | |||
r-devel-linux-x86_64-fedora-gcc | 1.0-2 | 155.87 | NOTE | |||
r-devel-windows-ix86+x86_64 | 1.0-2 | 20.00 | 112.00 | 132.00 | OK | |
r-patched-linux-x86_64 | 1.0-2 | 8.67 | 110.17 | 118.84 | OK | |
r-patched-solaris-x86 | 1.0-2 | 231.10 | NOTE | |||
r-release-linux-x86_64 | 1.0-2 | 8.11 | 109.93 | 118.04 | OK | |
r-release-macos-x86_64 | 1.0-2 | NOTE | ||||
r-release-windows-ix86+x86_64 | 1.0-2 | 33.00 | 155.00 | 188.00 | OK | |
r-oldrel-macos-x86_64 | 1.0-2 | NOTE | ||||
r-oldrel-windows-ix86+x86_64 | 1.0-2 | 19.00 | 100.00 | 119.00 | OK |
Version: 1.0-2
Check: data for non-ASCII characters
Result: NOTE
Note: found 55 marked UTF-8 strings
Flavors: r-devel-linux-x86_64-fedora-clang, r-devel-linux-x86_64-fedora-gcc, r-patched-solaris-x86, r-release-macos-x86_64, r-oldrel-macos-x86_64