CRAN Package Check Results for Package LSRS

Last updated on 2023-04-01 00:53:03 CEST.

Flavor Version Tinstall Tcheck Ttotal Status Flags
r-devel-linux-x86_64-debian-clang 0.2.0 2.21 20.80 23.01 NOTE
r-devel-linux-x86_64-debian-gcc 0.2.0 1.74 16.57 18.31 NOTE
r-devel-linux-x86_64-fedora-clang 0.2.0 29.34 NOTE
r-devel-linux-x86_64-fedora-gcc 0.2.0 28.93 NOTE
r-devel-windows-x86_64 0.2.0 13.00 0.00 13.00 NOTE
r-patched-linux-x86_64 0.2.0 2.27 20.32 22.59 NOTE
r-release-linux-x86_64 0.2.0 1.54 21.85 23.39 NOTE
r-release-macos-arm64 0.2.0 16.00 NOTE
r-release-macos-x86_64 0.2.0 19.00 NOTE
r-release-windows-x86_64 0.2.0 12.00 56.00 68.00 NOTE
r-oldrel-macos-arm64 0.2.0 17.00 NOTE
r-oldrel-macos-x86_64 0.2.0 25.00 NOTE
r-oldrel-windows-ix86+x86_64 0.2.0 5.00 45.00 50.00 NOTE

Check Details

Version: 0.2.0
Check: LazyData
Result: NOTE
     'LazyData' is specified without a 'data' directory
Flavors: r-devel-linux-x86_64-debian-clang, r-devel-linux-x86_64-debian-gcc, r-devel-linux-x86_64-fedora-clang, r-devel-linux-x86_64-fedora-gcc, r-devel-windows-x86_64, r-patched-linux-x86_64, r-release-linux-x86_64, r-release-macos-arm64, r-release-macos-x86_64, r-release-windows-x86_64, r-oldrel-macos-arm64, r-oldrel-macos-x86_64, r-oldrel-windows-ix86+x86_64