CRAN Package Check Results for Package LTRCtrees

Last updated on 2018-02-24 04:48:39 CET.

Flavor Version Tinstall Tcheck Ttotal Status Flags
r-devel-linux-x86_64-debian-clang 1.0.0 1.47 51.85 53.32 OK
r-devel-linux-x86_64-debian-gcc 1.0.0 1.07 38.77 39.84 OK
r-devel-windows-ix86+x86_64 1.0.0 4.00 77.00 81.00 OK
r-patched-linux-x86_64 1.0.0 0.75 63.17 63.92 OK
r-patched-solaris-x86 1.0.0 90.60 OK
r-release-linux-x86_64 1.0.0 0.65 64.59 65.24 OK
r-release-windows-ix86+x86_64 1.0.0 4.00 94.00 98.00 OK
r-release-osx-x86_64 1.0.0 ERROR
r-oldrel-windows-ix86+x86_64 1.0.0 2.00 5.00 7.00 ERROR
r-oldrel-osx-x86_64 1.0.0 ERROR

Check Details

Version: 1.0.0
Check: package dependencies
Result: ERROR
    Package required but not available: ‘interval’
    
    See section ‘The DESCRIPTION file’ in the ‘Writing R Extensions’
    manual.
Flavor: r-release-osx-x86_64

Version: 1.0.0
Check: package dependencies
Result: ERROR
    Package required and available but unsuitable version: 'partykit'
    
    See section 'The DESCRIPTION file' in the 'Writing R Extensions'
    manual.
Flavors: r-oldrel-windows-ix86+x86_64, r-oldrel-osx-x86_64