CRAN Package Check Results for Package LakeMetabolizer

Last updated on 2021-03-08 10:46:53 CET.

Flavor Version Tinstall Tcheck Ttotal Status Flags
r-devel-linux-x86_64-debian-clang 1.5.0 7.87 45.70 53.57 OK
r-devel-linux-x86_64-debian-gcc 1.5.0 5.68 35.07 40.75 OK
r-devel-linux-x86_64-fedora-clang 1.5.0 80.20 NOTE
r-devel-linux-x86_64-fedora-gcc 1.5.0 62.47 NOTE
r-devel-windows-ix86+x86_64 1.5.0 18.00 80.00 98.00 OK
r-devel-windows-x86_64-gcc10-UCRT 1.5.0 OK
r-patched-linux-x86_64 1.5.0 7.49 42.35 49.84 OK
r-patched-solaris-x86 1.5.0 87.70 OK
r-release-linux-x86_64 1.5.0 6.81 42.77 49.58 OK
r-release-macos-x86_64 1.5.0 OK
r-release-windows-ix86+x86_64 1.5.0 14.00 64.00 78.00 OK
r-oldrel-macos-x86_64 1.5.0 OK
r-oldrel-windows-ix86+x86_64 1.5.0 11.00 60.00 71.00 OK

Check Details

Version: 1.5.0
Check: compiled code
Result: NOTE
    File ‘LakeMetabolizer/libs/LakeMetabolizer.so’:
     Found no calls to: ‘R_registerRoutines’, ‘R_useDynamicSymbols’
    
    It is good practice to register native routines and to disable symbol
    search.
    
    See ‘Writing portable packages’ in the ‘Writing R Extensions’ manual.
Flavors: r-devel-linux-x86_64-fedora-clang, r-devel-linux-x86_64-fedora-gcc