CRAN Package Check Results for Package LakeMetabolizer

Last updated on 2019-09-19 08:50:58 CEST.

Flavor Version Tinstall Tcheck Ttotal Status Flags
r-devel-linux-x86_64-debian-clang 1.5.0 7.84 36.52 44.36 OK
r-devel-linux-x86_64-debian-gcc 1.5.0 5.64 28.93 34.57 OK
r-devel-linux-x86_64-fedora-clang 1.5.0 52.77 NOTE
r-devel-linux-x86_64-fedora-gcc 1.5.0 51.79 NOTE
r-devel-windows-ix86+x86_64 1.5.0 20.00 61.00 81.00 OK
r-patched-linux-x86_64 1.5.0 7.11 36.43 43.54 OK
r-patched-solaris-x86 1.5.0 77.50 OK
r-release-linux-x86_64 1.5.0 7.07 36.85 43.92 OK
r-release-windows-ix86+x86_64 1.5.0 14.00 63.00 77.00 OK
r-release-osx-x86_64 1.5.0 OK
r-oldrel-windows-ix86+x86_64 1.5.0 13.00 60.00 73.00 OK
r-oldrel-osx-x86_64 1.5.0 OK

Check Details

Version: 1.5.0
Check: compiled code
Result: NOTE
    File ‘LakeMetabolizer/libs/LakeMetabolizer.so’:
     Found no calls to: ‘R_registerRoutines’, ‘R_useDynamicSymbols’
    
    It is good practice to register native routines and to disable symbol
    search.
    
    See ‘Writing portable packages’ in the ‘Writing R Extensions’ manual.
Flavors: r-devel-linux-x86_64-fedora-clang, r-devel-linux-x86_64-fedora-gcc