CRAN Package Check Results for Package LakeMetabolizer

Last updated on 2020-02-27 17:50:59 CET.

Flavor Version Tinstall Tcheck Ttotal Status Flags
r-devel-linux-x86_64-debian-clang 1.5.0 8.00 40.33 48.33 OK
r-devel-linux-x86_64-debian-gcc 1.5.0 5.62 31.61 37.23 OK
r-devel-linux-x86_64-fedora-clang 1.5.0 61.02 NOTE
r-devel-linux-x86_64-fedora-gcc 1.5.0 56.02 NOTE
r-devel-windows-ix86+x86_64 1.5.0 16.00 65.00 81.00 OK
r-devel-windows-ix86+x86_64-gcc8 1.5.0 15.00 70.00 85.00 OK
r-patched-linux-x86_64 1.5.0 6.36 37.20 43.56 OK
r-patched-solaris-x86 1.5.0 75.30 OK
r-release-linux-x86_64 1.5.0 7.18 36.78 43.96 OK
r-release-windows-ix86+x86_64 1.5.0 16.00 63.00 79.00 OK
r-release-osx-x86_64 1.5.0 OK
r-oldrel-windows-ix86+x86_64 1.5.0 11.00 62.00 73.00 OK
r-oldrel-osx-x86_64 1.5.0 OK

Check Details

Version: 1.5.0
Check: compiled code
Result: NOTE
    File ‘LakeMetabolizer/libs/LakeMetabolizer.so’:
     Found no calls to: ‘R_registerRoutines’, ‘R_useDynamicSymbols’
    
    It is good practice to register native routines and to disable symbol
    search.
    
    See ‘Writing portable packages’ in the ‘Writing R Extensions’ manual.
Flavors: r-devel-linux-x86_64-fedora-clang, r-devel-linux-x86_64-fedora-gcc