CRAN Package Check Results for Package LearnClust

Last updated on 2022-12-07 06:14:07 CET.

Flavor Version Tinstall Tcheck Ttotal Status Flags
r-devel-linux-x86_64-debian-clang 1.1 6.11 57.96 64.07 NOTE
r-devel-linux-x86_64-debian-gcc 1.1 4.51 42.35 46.86 NOTE
r-devel-linux-x86_64-fedora-clang 1.1 88.60 NOTE
r-devel-linux-x86_64-fedora-gcc 1.1 95.04 NOTE
r-devel-windows-x86_64 1.1 50.00 96.00 146.00 NOTE
r-patched-linux-x86_64 1.1 6.59 50.84 57.43 NOTE
r-release-linux-x86_64 1.1 4.61 51.10 55.71 NOTE
r-release-macos-arm64 1.1 25.00 NOTE
r-release-macos-x86_64 1.1 36.00 NOTE
r-release-windows-x86_64 1.1 56.00 95.00 151.00 NOTE
r-oldrel-macos-arm64 1.1 30.00 NOTE
r-oldrel-macos-x86_64 1.1 47.00 NOTE
r-oldrel-windows-ix86+x86_64 1.1 12.00 85.00 97.00 NOTE

Check Details

Version: 1.1
Check: LazyData
Result: NOTE
     'LazyData' is specified without a 'data' directory
Flavors: r-devel-linux-x86_64-debian-clang, r-devel-linux-x86_64-debian-gcc, r-devel-linux-x86_64-fedora-clang, r-devel-linux-x86_64-fedora-gcc, r-devel-windows-x86_64, r-patched-linux-x86_64, r-release-linux-x86_64, r-release-macos-arm64, r-release-macos-x86_64, r-release-windows-x86_64, r-oldrel-macos-arm64, r-oldrel-macos-x86_64, r-oldrel-windows-ix86+x86_64