CRAN Package Check Results for Package Libra

Last updated on 2018-05-21 21:48:03 CEST.

Flavor Version Tinstall Tcheck Ttotal Status Flags
r-devel-linux-x86_64-debian-clang 1.5 4.34 25.01 29.35 NOTE
r-devel-linux-x86_64-debian-gcc 1.5 3.15 21.66 24.81 WARN
r-devel-linux-x86_64-fedora-clang 1.5 37.92 NOTE
r-devel-linux-x86_64-fedora-gcc 1.5 36.39 WARN
r-devel-windows-ix86+x86_64 1.5 22.00 61.00 83.00 WARN
r-patched-linux-x86_64 1.5 3.87 26.25 30.12 WARN
r-patched-solaris-x86 1.5 56.20 OK
r-release-linux-x86_64 1.5 3.36 26.01 29.37 WARN
r-release-windows-ix86+x86_64 1.5 21.00 79.00 100.00 WARN
r-release-osx-x86_64 1.5 OK
r-oldrel-windows-ix86+x86_64 1.5 28.00 55.00 83.00 OK
r-oldrel-osx-x86_64 1.5 OK

Check Details

Version: 1.5
Check: compiled code
Result: NOTE
    File ‘Libra/libs/Libra.so’:
     Found no calls to: ‘R_registerRoutines’, ‘R_useDynamicSymbols’
    
    It is good practice to register native routines and to disable symbol
    search.
    
    See ‘Writing portable packages’ in the ‘Writing R Extensions’ manual.
Flavors: r-devel-linux-x86_64-debian-clang, r-devel-linux-x86_64-debian-gcc, r-devel-linux-x86_64-fedora-clang, r-devel-linux-x86_64-fedora-gcc, r-patched-linux-x86_64, r-release-linux-x86_64

Version: 1.5
Check: whether package can be installed
Result: WARN
    Found the following significant warnings:
     LBLasso.c:98:17: warning: suggest parentheses around comparison in operand of ‘&’ [-Wparentheses]
     LBlogistic.c:100:17: warning: suggest parentheses around comparison in operand of ‘&’ [-Wparentheses]
     LBmultilogistic.c:110:17: warning: suggest parentheses around comparison in operand of ‘&’ [-Wparentheses]
     ggm.c:69:17: warning: suggest parentheses around comparison in operand of ‘&’ [-Wparentheses]
     ising.c:83:17: warning: suggest parentheses around comparison in operand of ‘&’ [-Wparentheses]
     potts.c:99:15: warning: suggest parentheses around comparison in operand of ‘&’ [-Wparentheses]
Flavors: r-devel-linux-x86_64-debian-gcc, r-devel-linux-x86_64-fedora-gcc, r-devel-windows-ix86+x86_64, r-patched-linux-x86_64, r-release-linux-x86_64, r-release-windows-ix86+x86_64