CRAN Package Check Results for Package LilRhino

Last updated on 2022-08-07 19:55:12 CEST.

Flavor Version Tinstall Tcheck Ttotal Status Flags
r-devel-linux-x86_64-debian-clang 1.2.2 12.92 117.79 130.71 OK
r-devel-linux-x86_64-debian-gcc 1.2.2 10.49 86.56 97.05 OK
r-devel-linux-x86_64-fedora-clang 1.2.2 167.60 NOTE
r-devel-linux-x86_64-fedora-gcc 1.2.2 164.14 NOTE
r-devel-windows-x86_64 1.2.2 24.00 138.00 162.00 OK
r-patched-linux-x86_64 1.2.2 10.52 110.02 120.54 OK
r-release-linux-x86_64 1.2.2 11.54 110.50 122.04 OK
r-release-macos-arm64 1.2.2 43.00 NOTE
r-release-macos-x86_64 1.2.2 67.00 NOTE
r-release-windows-x86_64 1.2.2 23.00 136.00 159.00 OK
r-oldrel-macos-arm64 1.2.2 41.00 NOTE
r-oldrel-macos-x86_64 1.2.2 64.00 NOTE
r-oldrel-windows-ix86+x86_64 1.2.2 30.00 138.00 168.00 OK

Check Details

Version: 1.2.2
Check: dependencies in R code
Result: NOTE
    Namespaces in Imports field not imported from:
     ‘SnowballC’ ‘data.table’ ‘e1071’ ‘fastmatch’
     All declared Imports should be used.
Flavors: r-devel-linux-x86_64-fedora-clang, r-devel-linux-x86_64-fedora-gcc, r-release-macos-arm64, r-release-macos-x86_64, r-oldrel-macos-arm64, r-oldrel-macos-x86_64