CRAN Package Check Results for Package LilRhino

Last updated on 2023-06-05 02:58:23 CEST.

Flavor Version Tinstall Tcheck Ttotal Status Flags
r-devel-linux-x86_64-debian-clang 1.2.2 11.40 110.70 122.10 OK
r-devel-linux-x86_64-debian-gcc 1.2.2 10.64 83.59 94.23 OK
r-devel-linux-x86_64-fedora-clang 1.2.2 154.65 NOTE
r-devel-linux-x86_64-fedora-gcc 1.2.2 166.05 NOTE
r-devel-windows-x86_64 1.2.2 14.00 96.00 110.00 OK
r-patched-linux-x86_64 1.2.2 12.36 102.73 115.09 OK
r-release-linux-x86_64 1.2.2 8.57 105.63 114.20 OK
r-release-macos-arm64 1.2.2 44.00 OK
r-release-macos-x86_64 1.2.2 58.00 OK
r-release-windows-x86_64 1.2.2 21.00 119.00 140.00 OK
r-oldrel-macos-arm64 1.2.2 43.00 NOTE
r-oldrel-macos-x86_64 1.2.2 67.00 NOTE
r-oldrel-windows-x86_64 1.2.2 16.00 123.00 139.00 OK

Check Details

Version: 1.2.2
Check: dependencies in R code
Result: NOTE
    Namespaces in Imports field not imported from:
     ‘SnowballC’ ‘data.table’ ‘e1071’ ‘fastmatch’
     All declared Imports should be used.
Flavors: r-devel-linux-x86_64-fedora-clang, r-devel-linux-x86_64-fedora-gcc, r-oldrel-macos-arm64, r-oldrel-macos-x86_64