CRAN Package Check Results for Package LimnoPalettes

Last updated on 2021-05-13 22:51:04 CEST.

Flavor Version Tinstall Tcheck Ttotal Status Flags
r-devel-linux-x86_64-debian-clang 0.1.0 1.99 19.73 21.72 NOTE
r-devel-linux-x86_64-debian-gcc 0.1.0 1.49 15.69 17.18 NOTE
r-devel-linux-x86_64-fedora-clang 0.1.0 36.56 NOTE
r-devel-linux-x86_64-fedora-gcc 0.1.0 24.60 NOTE
r-devel-windows-ix86+x86_64 0.1.0 5.00 31.00 36.00 NOTE
r-devel-windows-x86_64-gcc10-UCRT 0.1.0 NOTE
r-patched-linux-x86_64 0.1.0 1.93 19.52 21.45 NOTE
r-patched-solaris-x86 0.1.0 39.70 NOTE
r-release-linux-x86_64 0.1.0 1.80 19.34 21.14 OK
r-release-macos-x86_64 0.1.0 OK
r-release-windows-ix86+x86_64 0.1.0 6.00 25.00 31.00 OK
r-oldrel-macos-x86_64 0.1.0 OK
r-oldrel-windows-ix86+x86_64 0.1.0 4.00 31.00 35.00 OK

Check Details

Version: 0.1.0
Check: LazyData
Result: NOTE
     'LazyData' is specified without a 'data' directory
Flavors: r-devel-linux-x86_64-debian-clang, r-devel-linux-x86_64-debian-gcc, r-devel-linux-x86_64-fedora-clang, r-devel-linux-x86_64-fedora-gcc, r-devel-windows-ix86+x86_64, r-devel-windows-x86_64-gcc10-UCRT, r-patched-linux-x86_64, r-patched-solaris-x86