Last updated on 2023-10-01 10:00:19 CEST.
Flavor | Version | Tinstall | Tcheck | Ttotal | Status | Flags |
---|---|---|---|---|---|---|
r-devel-linux-x86_64-debian-clang | 2.1.2 | 4.24 | 81.83 | 86.07 | OK | |
r-devel-linux-x86_64-debian-gcc | 2.1.2 | 3.66 | 55.62 | 59.28 | OK | |
r-devel-linux-x86_64-fedora-clang | 2.1.2 | 100.53 | OK | |||
r-devel-linux-x86_64-fedora-gcc | 2.1.2 | 123.15 | OK | |||
r-devel-windows-x86_64 | 2.1.2 | 5.00 | 98.00 | 103.00 | OK | |
r-patched-linux-x86_64 | 2.1.2 | 4.25 | 78.36 | 82.61 | OK | |
r-release-linux-x86_64 | 2.1.2 | 4.19 | 80.32 | 84.51 | OK | |
r-release-macos-arm64 | 2.1.2 | 44.00 | OK | |||
r-release-macos-x86_64 | 2.1.2 | 72.00 | OK | |||
r-release-windows-x86_64 | 2.1.2 | 7.00 | 102.00 | 109.00 | OK | |
r-oldrel-macos-arm64 | 2.1.2 | 38.00 | OK | |||
r-oldrel-macos-x86_64 | 2.1.2 | 57.00 | NOTE | |||
r-oldrel-windows-x86_64 | 2.1.2 | 9.00 | 106.00 | 115.00 | OK |
Version: 2.1.2
Check: dependencies in R code
Result: NOTE
Namespace in Imports field not imported from: ‘RColorBrewer’
All declared Imports should be used.
Flavor: r-oldrel-macos-x86_64