CRAN Package Check Results for Package Lmoments

Last updated on 2022-11-29 04:52:32 CET.

Flavor Version Tinstall Tcheck Ttotal Status Flags
r-devel-linux-x86_64-debian-clang 1.3-1 36.53 31.32 67.85 NOTE
r-devel-linux-x86_64-debian-gcc 1.3-1 27.27 24.38 51.65 NOTE
r-devel-linux-x86_64-fedora-clang 1.3-1 108.87 NOTE
r-devel-linux-x86_64-fedora-gcc 1.3-1 105.90 NOTE
r-devel-windows-x86_64 1.3-1 39.00 80.00 119.00 NOTE
r-patched-linux-x86_64 1.3-1 29.56 31.03 60.59 OK
r-release-linux-x86_64 1.3-1 29.56 30.11 59.67 OK
r-release-macos-arm64 1.3-1 28.00 OK
r-release-macos-x86_64 1.3-1 38.00 OK
r-release-windows-x86_64 1.3-1 45.00 80.00 125.00 OK
r-oldrel-macos-arm64 1.3-1 33.00 OK
r-oldrel-macos-x86_64 1.3-1 51.00 OK
r-oldrel-windows-ix86+x86_64 1.3-1 87.00 79.00 166.00 OK

Check Details

Version: 1.3-1
Check: Rd files
Result: NOTE
    checkRd: (-1) cauchypoly.Rd:39: Escaped LaTeX specials: \_ \_ \_
    checkRd: (-1) cauchypoly.Rd:40: Escaped LaTeX specials: \_
    checkRd: (-1) normpoly.Rd:38: Escaped LaTeX specials: \_ \_ \_
    checkRd: (-1) normpoly.Rd:39: Escaped LaTeX specials: \_
Flavors: r-devel-linux-x86_64-debian-clang, r-devel-linux-x86_64-debian-gcc, r-devel-linux-x86_64-fedora-clang, r-devel-linux-x86_64-fedora-gcc, r-devel-windows-x86_64