CRAN Package Check Results for Package LncPath

Last updated on 2018-02-22 01:49:52 CET.

Flavor Version Tinstall Tcheck Ttotal Status Flags
r-devel-linux-x86_64-debian-clang 1.0 3.80 34.30 38.10 OK
r-devel-linux-x86_64-debian-gcc 1.0 3.54 30.12 33.66 OK
r-devel-windows-ix86+x86_64 1.0 9.00 53.00 62.00 OK
r-patched-linux-x86_64 1.0 3.71 38.10 41.81 OK
r-patched-solaris-x86 1.0 70.30 OK
r-release-linux-x86_64 1.0 3.23 38.00 41.23 OK
r-release-windows-ix86+x86_64 1.0 8.00 72.00 80.00 OK
r-release-osx-x86_64 1.0 ERROR
r-oldrel-windows-ix86+x86_64 1.0 5.00 55.00 60.00 OK
r-oldrel-osx-x86_64 1.0 OK

Check Details

Version: 1.0
Check: package dependencies
Result: ERROR
    Package required but not available: ‘samr’
    
    See section ‘The DESCRIPTION file’ in the ‘Writing R Extensions’
    manual.
Flavor: r-release-osx-x86_64