Last updated on 2022-08-08 02:54:54 CEST.
Flavor | Version | Tinstall | Tcheck | Ttotal | Status | Flags |
---|---|---|---|---|---|---|
r-devel-linux-x86_64-debian-clang | 1.0 | 3.50 | 74.34 | 77.84 | OK | |
r-devel-linux-x86_64-debian-gcc | 1.0 | 2.36 | 55.53 | 57.89 | OK | |
r-devel-linux-x86_64-fedora-clang | 1.0 | 101.37 | NOTE | |||
r-devel-linux-x86_64-fedora-gcc | 1.0 | 101.29 | NOTE | |||
r-devel-windows-x86_64 | 1.0 | 17.00 | 101.00 | 118.00 | OK | |
r-patched-linux-x86_64 | 1.0 | 3.75 | 69.34 | 73.09 | OK | |
r-release-linux-x86_64 | 1.0 | 3.51 | 69.48 | 72.99 | OK | |
r-release-macos-arm64 | 1.0 | 33.00 | NOTE | |||
r-release-macos-x86_64 | 1.0 | 43.00 | NOTE | |||
r-release-windows-x86_64 | 1.0 | 20.00 | 104.00 | 124.00 | OK | |
r-oldrel-macos-arm64 | 1.0 | 29.00 | NOTE | |||
r-oldrel-macos-x86_64 | 1.0 | 40.00 | NOTE | |||
r-oldrel-windows-ix86+x86_64 | 1.0 | 7.00 | 105.00 | 112.00 | OK |
Version: 1.0
Check: dependencies in R code
Result: NOTE
Namespaces in Imports field not imported from:
‘RColorBrewer’ ‘base’ ‘qpdf’
All declared Imports should be used.
Flavors: r-devel-linux-x86_64-fedora-clang, r-devel-linux-x86_64-fedora-gcc, r-release-macos-arm64, r-release-macos-x86_64, r-oldrel-macos-arm64, r-oldrel-macos-x86_64