CRAN Package Check Results for Package LogRegEquiv

Last updated on 2024-06-13 14:49:04 CEST.

Flavor Version Tinstall Tcheck Ttotal Status Flags
r-devel-linux-x86_64-debian-clang 0.1.5 2.55 32.09 34.64 OK
r-devel-linux-x86_64-debian-gcc 0.1.5 1.69 23.04 24.73 ERROR
r-devel-linux-x86_64-fedora-clang 0.1.5 45.67 OK
r-devel-linux-x86_64-fedora-gcc 0.1.5 55.97 OK
r-devel-windows-x86_64 0.1.5 3.00 51.00 54.00 OK
r-patched-linux-x86_64 0.1.5 1.68 31.86 33.54 OK
r-release-linux-x86_64 0.1.5 1.94 31.40 33.34 OK
r-release-macos-arm64 0.1.5 24.00 OK
r-release-macos-x86_64 0.1.5 35.00 OK
r-release-windows-x86_64 0.1.5 3.00 50.00 53.00 OK
r-oldrel-macos-arm64 0.1.5 24.00 OK
r-oldrel-macos-x86_64 0.1.5 36.00 OK
r-oldrel-windows-x86_64 0.1.5 3.00 51.00 54.00 OK

Check Details

Version: 0.1.5
Check: package dependencies
Result: NOTE Package suggested but not available for checking: ‘testthat’ Flavor: r-devel-linux-x86_64-debian-gcc

Version: 0.1.5
Check: tests
Result: ERROR Running ‘testthat.R’ [0s/1s] Running the tests in ‘tests/testthat.R’ failed. Complete output: > library(testthat) Error in library(testthat) : there is no package called 'testthat' Execution halted Flavor: r-devel-linux-x86_64-debian-gcc