CRAN Package Check Results for Package LongCART

Last updated on 2021-05-06 23:49:36 CEST.

Flavor Version Tinstall Tcheck Ttotal Status Flags
r-devel-linux-x86_64-debian-clang 3.0 15.92 138.56 154.48 OK
r-devel-linux-x86_64-debian-gcc 3.0 11.65 101.66 113.31 OK
r-devel-linux-x86_64-fedora-clang 3.0 189.91 OK
r-devel-linux-x86_64-fedora-gcc 3.0 186.18 OK
r-devel-windows-ix86+x86_64 3.0 36.00 167.00 203.00 OK
r-devel-windows-x86_64-gcc10-UCRT 3.0 OK
r-patched-linux-x86_64 3.0 15.66 129.39 145.05 OK
r-patched-solaris-x86 3.0 245.80 OK
r-release-linux-x86_64 3.0 15.35 125.90 141.25 OK
r-release-macos-x86_64 3.0 OK
r-release-windows-ix86+x86_64 3.0 29.00 135.00 164.00 OK
r-oldrel-macos-x86_64 3.0 OK
r-oldrel-windows-ix86+x86_64 3.0 29.00 5.00 34.00 ERROR

Check Details

Version: 3.0
Check: whether package can be installed
Result: ERROR
    Installation failed.
Flavor: r-oldrel-windows-ix86+x86_64