CRAN Package Check Results for Package LongituRF

Last updated on 2022-12-10 08:53:36 CET.

Flavor Version Tinstall Tcheck Ttotal Status Flags
r-devel-linux-x86_64-debian-clang 0.9 8.26 63.81 72.07 NOTE
r-devel-linux-x86_64-debian-gcc 0.9 5.62 52.17 57.79 NOTE
r-devel-linux-x86_64-fedora-clang 0.9 82.01 NOTE
r-devel-linux-x86_64-fedora-gcc 0.9 82.72 NOTE
r-devel-windows-x86_64 0.9 17.00 116.00 133.00 NOTE
r-patched-linux-x86_64 0.9 7.90 49.10 57.00 NOTE
r-release-linux-x86_64 0.9 7.37 49.71 57.08 NOTE
r-release-macos-arm64 0.9 22.00 NOTE
r-release-macos-x86_64 0.9 29.00 NOTE
r-release-windows-x86_64 0.9 29.00 76.00 105.00 NOTE
r-oldrel-macos-arm64 0.9 30.00 NOTE
r-oldrel-macos-x86_64 0.9 39.00 NOTE
r-oldrel-windows-ix86+x86_64 0.9 14.00 79.00 93.00 NOTE

Check Details

Version: 0.9
Check: LazyData
Result: NOTE
     'LazyData' is specified without a 'data' directory
Flavors: r-devel-linux-x86_64-debian-clang, r-devel-linux-x86_64-debian-gcc, r-devel-linux-x86_64-fedora-clang, r-devel-linux-x86_64-fedora-gcc, r-devel-windows-x86_64, r-patched-linux-x86_64, r-release-linux-x86_64, r-release-macos-arm64, r-release-macos-x86_64, r-release-windows-x86_64, r-oldrel-macos-arm64, r-oldrel-macos-x86_64, r-oldrel-windows-ix86+x86_64