Last updated on 2023-09-29 01:56:09 CEST.
Flavor | Version | Tinstall | Tcheck | Ttotal | Status | Flags |
---|---|---|---|---|---|---|
r-devel-linux-x86_64-debian-clang | 0.1.0 | 37.15 | 502.07 | 539.22 | OK | |
r-devel-linux-x86_64-debian-gcc | 0.1.0 | 28.74 | 368.44 | 397.18 | OK | |
r-devel-linux-x86_64-fedora-clang | 0.1.0 | 643.57 | NOTE | |||
r-devel-linux-x86_64-fedora-gcc | 0.1.0 | 690.70 | NOTE | |||
r-devel-windows-x86_64 | 0.1.0 | 32.00 | 336.00 | 368.00 | OK | |
r-patched-linux-x86_64 | 0.1.0 | 32.23 | 471.07 | 503.30 | OK | |
r-release-linux-x86_64 | 0.1.0 | 24.47 | 480.42 | 504.89 | OK | |
r-release-macos-arm64 | 0.1.0 | 304.00 | NOTE | |||
r-release-macos-x86_64 | 0.1.0 | 423.00 | NOTE | |||
r-release-windows-x86_64 | 0.1.0 | 43.00 | 420.00 | 463.00 | OK | |
r-oldrel-macos-arm64 | 0.1.0 | 185.00 | NOTE | |||
r-oldrel-macos-x86_64 | 0.1.0 | 276.00 | NOTE | |||
r-oldrel-windows-x86_64 | 0.1.0 | 43.00 | 423.00 | 466.00 | OK |
Version: 0.1.0
Check: package dependencies
Result: NOTE
Package suggested but not available for checking: ‘orthogene’
Flavors: r-devel-linux-x86_64-fedora-clang, r-devel-linux-x86_64-fedora-gcc, r-release-macos-arm64, r-release-macos-x86_64, r-oldrel-macos-arm64, r-oldrel-macos-x86_64
Version: 0.1.0
Check: dependencies in R code
Result: NOTE
Namespace in Imports field not imported from: ‘fmsb’
All declared Imports should be used.
Flavors: r-devel-linux-x86_64-fedora-clang, r-devel-linux-x86_64-fedora-gcc
Version: 0.1.0
Check: Rd cross-references
Result: NOTE
Package unavailable to check Rd xrefs: ‘orthogene’
Flavors: r-devel-linux-x86_64-fedora-clang, r-devel-linux-x86_64-fedora-gcc, r-release-macos-arm64, r-release-macos-x86_64, r-oldrel-macos-arm64, r-oldrel-macos-x86_64