CRAN Package Check Results for Package MAINT.Data

Last updated on 2024-02-28 20:53:26 CET.

Flavor Version Tinstall Tcheck Ttotal Status Flags
r-devel-linux-x86_64-debian-clang 2.7.1 270.50 177.81 448.31 NOTE
r-devel-linux-x86_64-debian-gcc 2.7.1 201.24 130.55 331.79 NOTE
r-devel-linux-x86_64-fedora-clang 2.7.1 632.07 NOTE
r-devel-linux-x86_64-fedora-gcc 2.7.1 630.65 NOTE
r-devel-windows-x86_64 2.7.1 189.00 160.00 349.00 NOTE
r-patched-linux-x86_64 2.7.1 238.15 169.20 407.35 OK
r-release-linux-x86_64 2.7.1 241.06 170.65 411.71 OK
r-release-macos-arm64 2.7.1 126.00 NOTE
r-release-macos-x86_64 2.7.1 217.00 NOTE
r-release-windows-x86_64 2.7.1 255.00 207.00 462.00 NOTE
r-oldrel-macos-arm64 2.7.1 120.00 NOTE
r-oldrel-windows-x86_64 2.7.1 246.00 205.00 451.00 NOTE

Check Details

Version: 2.7.1
Check: Rd files
Result: NOTE checkRd: (-1) RepLOptim.Rd:21: Lost braces; missing escapes or markup? 21 | \item{gr}{A function to return the gradient for the \dQuote{nlminb}, \dQuote{BFGS}, \dQuote{CG} and {L-BFGS-B} methods. If it is \sQuote{NULL}, a finite-difference approximation will be used. For the \dQuote{SANN} method it specifies a function to generate a new candidate point. If it is \sQuote{NULL} a default Gaussian Markov kernel is used.} | ^ checkRd: (-1) Robda-methods.Rd:69: Lost braces 69 | \seealso{\code{\link{lda}}, \code{\link{qda}}, \code{\link{snda}}, \code{\linkS4class{IData}}, \code{\linkS4class{RobEstControl}},code{\link{ConfMat}} } | ^ Flavors: r-devel-linux-x86_64-debian-clang, r-devel-linux-x86_64-debian-gcc, r-devel-linux-x86_64-fedora-clang, r-devel-linux-x86_64-fedora-gcc

Version: 2.7.1
Check: installed package size
Result: NOTE installed size is 5.5Mb sub-directories of 1Mb or more: R 1.5Mb data 2.3Mb libs 1.3Mb Flavors: r-devel-windows-x86_64, r-release-macos-arm64, r-release-macos-x86_64, r-release-windows-x86_64, r-oldrel-macos-arm64, r-oldrel-windows-x86_64