CRAN Package Check Results for Package MALDIrppa

Last updated on 2021-05-16 21:47:45 CEST.

Flavor Version Tinstall Tcheck Ttotal Status Flags
r-devel-linux-x86_64-debian-clang 1.0.5 45.09 120.72 165.81 OK
r-devel-linux-x86_64-debian-gcc 1.0.5 29.92 93.63 123.55 OK
r-devel-linux-x86_64-fedora-clang 1.0.5 211.21 NOTE
r-devel-linux-x86_64-fedora-gcc 1.0.5 196.24 OK
r-devel-windows-ix86+x86_64 1.0.5 143.00 247.00 390.00 OK
r-devel-windows-x86_64-gcc10-UCRT 1.0.5 OK
r-patched-linux-x86_64 1.0.5 38.98 116.46 155.44 OK
r-patched-solaris-x86 1.0.5 289.40 OK
r-release-linux-x86_64 1.0.5 35.59 116.40 151.99 OK
r-release-macos-x86_64 1.0.5 NOTE
r-release-windows-ix86+x86_64 1.0.5 110.00 186.00 296.00 OK
r-oldrel-macos-x86_64 1.0.5 NOTE
r-oldrel-windows-ix86+x86_64 1.0.5 105.00 214.00 319.00 OK

Check Details

Version: 1.0.5
Check: installed package size
Result: NOTE
     installed size is 5.5Mb
     sub-directories of 1Mb or more:
     include 1.1Mb
     libs 2.5Mb
Flavors: r-devel-linux-x86_64-fedora-clang, r-release-macos-x86_64, r-oldrel-macos-x86_64