CRAN Package Check Results for Package MAPA

Last updated on 2024-02-28 19:49:40 CET.

Flavor Version Tinstall Tcheck Ttotal Status Flags
r-devel-linux-x86_64-debian-clang 2.0.6 10.23 108.35 118.58 WARN
r-devel-linux-x86_64-debian-gcc 2.0.6 9.55 81.36 90.91 WARN
r-devel-linux-x86_64-fedora-clang 2.0.6 148.40 WARN
r-devel-linux-x86_64-fedora-gcc 2.0.6 138.20 WARN
r-devel-windows-x86_64 2.0.6 11.00 95.00 106.00 WARN
r-patched-linux-x86_64 2.0.6 11.10 104.82 115.92 OK
r-release-linux-x86_64 2.0.6 7.22 105.47 112.69 OK
r-release-macos-arm64 2.0.6 44.00 OK
r-release-macos-x86_64 2.0.6 152.00 OK
r-release-windows-x86_64 2.0.6 14.00 114.00 128.00 OK
r-oldrel-macos-arm64 2.0.6 50.00 OK
r-oldrel-windows-x86_64 2.0.6 15.00 117.00 132.00 OK

Check Details

Version: 2.0.6
Check: examples
Result: WARN Found the following significant warnings: Warning in plotmapa(mapafit) : 'plotmapa' is deprecated. Deprecated functions may be defunct as soon as of the next release of R. See ?Deprecated. Examples with CPU (user + system) or elapsed time > 5s user system elapsed mapa 4.118 0.123 5.581 Flavor: r-devel-linux-x86_64-debian-clang

Version: 2.0.6
Check: examples
Result: WARN Found the following significant warnings: Warning in plotmapa(mapafit) : 'plotmapa' is deprecated. Deprecated functions may be defunct as soon as of the next release of R. See ?Deprecated. Examples with CPU (user + system) or elapsed time > 5s user system elapsed mapa 2.953 0.126 5.200 mapafor 3.002 0.053 5.658 Flavor: r-devel-linux-x86_64-debian-gcc

Version: 2.0.6
Check: examples
Result: WARN Found the following significant warnings: Warning in plotmapa(mapafit) : 'plotmapa' is deprecated. Deprecated functions may be defunct as soon as of the next release of R. See ?Deprecated. Flavors: r-devel-linux-x86_64-fedora-clang, r-devel-linux-x86_64-fedora-gcc, r-devel-windows-x86_64