CRAN Package Check Results for Package MAPITR

Last updated on 2022-12-01 16:51:48 CET.

Flavor Version Tinstall Tcheck Ttotal Status Flags
r-devel-linux-x86_64-debian-clang 1.1.2 44.06 54.04 98.10 OK
r-devel-linux-x86_64-debian-gcc 1.1.2 33.35 42.67 76.02 OK
r-devel-linux-x86_64-fedora-clang 1.1.2 141.01 OK
r-devel-linux-x86_64-fedora-gcc 1.1.2 141.83 OK
r-devel-windows-x86_64 1.1.2 47.00 104.00 151.00 OK
r-patched-linux-x86_64 1.1.2 33.00 53.71 86.71 OK
r-release-linux-x86_64 1.1.2 35.69 53.43 89.12 OK
r-release-macos-arm64 1.1.2 43.00 OK
r-release-macos-x86_64 1.1.2 52.00 OK
r-release-windows-x86_64 1.1.2 46.00 108.00 154.00 OK
r-oldrel-macos-arm64 1.1.2 47.00 NOTE
r-oldrel-macos-x86_64 1.1.2 79.00 OK
r-oldrel-windows-ix86+x86_64 1.1.2 100.00 122.00 222.00 OK

Check Details

Version: 1.1.2
Check: installed package size
Result: NOTE
     installed size is 5.0Mb
     sub-directories of 1Mb or more:
     libs 4.5Mb
Flavor: r-oldrel-macos-arm64