Last updated on 2019-02-21 07:48:41 CET.
Flavor | Version | Tinstall | Tcheck | Ttotal | Status | Flags |
---|---|---|---|---|---|---|
r-devel-linux-x86_64-debian-clang | 1.0-5 | 8.00 | 90.53 | 98.53 | NOTE | |
r-devel-linux-x86_64-debian-gcc | 1.0-5 | 6.92 | 70.25 | 77.17 | NOTE | |
r-devel-linux-x86_64-fedora-clang | 1.0-5 | 119.93 | NOTE | |||
r-devel-linux-x86_64-fedora-gcc | 1.0-5 | 111.20 | NOTE | |||
r-devel-windows-ix86+x86_64 | 1.0-5 | 23.00 | 97.00 | 120.00 | NOTE | |
r-patched-linux-x86_64 | 1.0-5 | NOTE | ||||
r-patched-solaris-x86 | 1.0-5 | 172.20 | NOTE | |||
r-release-linux-x86_64 | 1.0-5 | NOTE | ||||
r-release-windows-ix86+x86_64 | 1.0-5 | 10.00 | 141.00 | 151.00 | NOTE | |
r-release-osx-x86_64 | 1.0-5 | NOTE | ||||
r-oldrel-windows-ix86+x86_64 | 1.0-5 | 13.00 | 142.00 | 155.00 | NOTE | |
r-oldrel-osx-x86_64 | 1.0-5 | NOTE |
Version: 1.0-5
Check: R code for possible problems
Result: NOTE
logistic_z: no visible global function definition for ‘glm’
logistic_z: no visible binding for global variable ‘binomial’
logistic_z: no visible global function definition for ‘predict’
plsrf_x: no visible global function definition for ‘qnorm’
plsrf_x: no visible global function definition for ‘predict’
plsrf_x_pv: no visible global function definition for ‘qnorm’
plsrf_x_pv: no visible global function definition for ‘predict’
plsrf_xz: no visible global function definition for ‘qnorm’
plsrf_xz: no visible global function definition for ‘predict’
plsrf_xz_pv: no visible global function definition for ‘qnorm’
plsrf_xz_pv: no visible global function definition for ‘predict’
rf_z: no visible global function definition for ‘qnorm’
rf_z: no visible global function definition for ‘predict’
simuldata_list: no visible global function definition for ‘rnorm’
simuldatacluster_list: no visible global function definition for
‘rnorm’
svm_x: no visible global function definition for ‘predict’
Undefined global functions or variables:
binomial glm predict qnorm rnorm
Consider adding
importFrom("stats", "binomial", "glm", "predict", "qnorm", "rnorm")
to your NAMESPACE file.
Flavors: r-devel-linux-x86_64-debian-clang, r-devel-linux-x86_64-debian-gcc, r-devel-linux-x86_64-fedora-clang, r-devel-linux-x86_64-fedora-gcc, r-devel-windows-ix86+x86_64, r-patched-linux-x86_64, r-patched-solaris-x86, r-release-linux-x86_64, r-release-windows-ix86+x86_64, r-release-osx-x86_64, r-oldrel-windows-ix86+x86_64, r-oldrel-osx-x86_64