Last updated on 2023-11-29 20:49:44 CET.
Flavor | Version | Tinstall | Tcheck | Ttotal | Status | Flags |
---|---|---|---|---|---|---|
r-devel-linux-x86_64-debian-clang | 1.2.2 | 9.82 | 342.61 | 352.43 | OK | |
r-devel-linux-x86_64-debian-gcc | 1.2.2 | 6.46 | 240.58 | 247.04 | OK | |
r-devel-linux-x86_64-fedora-clang | 1.2.2 | 419.43 | NOTE | |||
r-devel-linux-x86_64-fedora-gcc | 1.2.2 | 454.78 | OK | |||
r-devel-windows-x86_64 | 1.2.2 | 8.00 | 417.00 | 425.00 | NOTE | |
r-patched-linux-x86_64 | 1.2.2 | 11.88 | 330.50 | 342.38 | OK | |
r-release-linux-x86_64 | 1.2.2 | 6.56 | 323.76 | 330.32 | OK | |
r-release-macos-arm64 | 1.2.2 | 123.00 | NOTE | |||
r-release-macos-x86_64 | 1.2.2 | 167.00 | NOTE | |||
r-release-windows-x86_64 | 1.2.2 | 11.00 | 454.00 | 465.00 | NOTE | |
r-oldrel-macos-arm64 | 1.2.2 | 120.00 | NOTE | |||
r-oldrel-macos-x86_64 | 1.2.2 | 144.00 | NOTE | |||
r-oldrel-windows-x86_64 | 1.2.2 | 11.00 | 427.00 | 438.00 | NOTE |
Version: 1.2.2
Check: installed package size
Result: NOTE
installed size is 5.3Mb
sub-directories of 1Mb or more:
data 1.2Mb
doc 3.5Mb
Flavors: r-devel-linux-x86_64-fedora-clang, r-devel-windows-x86_64, r-release-macos-arm64, r-release-macos-x86_64, r-release-windows-x86_64, r-oldrel-macos-arm64, r-oldrel-macos-x86_64, r-oldrel-windows-x86_64
Version: 1.2.2
Check: package dependencies
Result: NOTE
Package suggested but not available for checking: ‘DescTools’
Flavor: r-release-macos-x86_64