CRAN Package Check Results for Package MBESS

Last updated on 2018-01-21 08:48:28 CET.

Flavor Version Tinstall Tcheck Ttotal Status Flags
r-devel-linux-x86_64-debian-clang 4.4.3 3.25 91.55 94.80 OK
r-devel-linux-x86_64-debian-gcc 4.4.3 2.16 68.37 70.53 OK
r-devel-linux-x86_64-fedora-clang 4.4.3 109.23 OK
r-devel-linux-x86_64-fedora-gcc 4.4.3 97.82 OK
r-devel-windows-ix86+x86_64 4.4.3 7.00 93.00 100.00 OK
r-patched-linux-x86_64 4.4.3 2.21 88.37 90.58 OK
r-patched-solaris-x86 4.4.3 3.60 ERROR
r-release-linux-x86_64 4.4.3 2.74 88.48 91.22 OK
r-release-windows-ix86+x86_64 4.4.3 8.00 90.00 98.00 OK
r-release-osx-x86_64 4.4.3 OK
r-oldrel-windows-ix86+x86_64 4.4.3 10.00 106.00 116.00 OK
r-oldrel-osx-x86_64 4.4.2 OK

Check Details

Version: 4.4.3
Check: package dependencies
Result: ERROR
    Package required but not available: ‘OpenMx’
    
    See section ‘The DESCRIPTION file’ in the ‘Writing R Extensions’
    manual.
Flavor: r-patched-solaris-x86