CRAN Package Check Results for Package MCARtest

Last updated on 2022-10-01 11:49:30 CEST.

Flavor Version Tinstall Tcheck Ttotal Status Flags
r-devel-linux-x86_64-debian-clang 1.0 13.05 116.44 129.49 OK
r-devel-linux-x86_64-debian-gcc 1.0 9.09 84.08 93.17 OK
r-devel-linux-x86_64-fedora-clang 1.0 159.31 NOTE
r-devel-linux-x86_64-fedora-gcc 1.0 153.55 NOTE
r-devel-windows-x86_64 1.0 23.00 144.00 167.00 OK
r-patched-linux-x86_64 1.0 9.82 104.92 114.74 OK
r-release-linux-x86_64 1.0 12.41 105.31 117.72 OK
r-release-macos-arm64 1.0 48.00 NOTE
r-release-macos-x86_64 1.0 58.00 NOTE
r-release-windows-x86_64 1.0 18.00 142.00 160.00 OK
r-oldrel-macos-arm64 1.0 35.00 NOTE
r-oldrel-macos-x86_64 1.0 57.00 NOTE
r-oldrel-windows-ix86+x86_64 1.0 27.00 133.00 160.00 OK

Check Details

Version: 1.0
Check: dependencies in R code
Result: NOTE
    Namespace in Imports field not imported from: ‘Rdpack’
     All declared Imports should be used.
Flavors: r-devel-linux-x86_64-fedora-clang, r-devel-linux-x86_64-fedora-gcc, r-release-macos-arm64, r-release-macos-x86_64, r-oldrel-macos-arm64, r-oldrel-macos-x86_64