Last updated on 2023-09-26 13:08:36 CEST.
Flavor | Version | Tinstall | Tcheck | Ttotal | Status | Flags |
---|---|---|---|---|---|---|
r-devel-linux-x86_64-debian-clang | 1.1 | 30.28 | 115.19 | 145.47 | OK | |
r-devel-linux-x86_64-debian-gcc | 1.1 | 22.52 | 83.54 | 106.06 | OK | |
r-devel-linux-x86_64-fedora-clang | 1.1 | 180.71 | NOTE | |||
r-devel-linux-x86_64-fedora-gcc | 1.1 | 177.12 | NOTE | |||
r-devel-windows-x86_64 | 1.1 | 28.00 | 116.00 | 144.00 | OK | |
r-patched-linux-x86_64 | 1.1 | 22.30 | 106.33 | 128.63 | OK | |
r-release-linux-x86_64 | 1.1 | 31.01 | 108.47 | 139.48 | OK | |
r-release-macos-arm64 | 1.1 | 47.00 | OK | |||
r-release-macos-x86_64 | 1.1 | 72.00 | OK | |||
r-release-windows-x86_64 | 1.1 | 34.00 | 141.00 | 175.00 | OK | |
r-oldrel-macos-arm64 | 1.1 | 48.00 | OK | |||
r-oldrel-macos-x86_64 | 1.1 | 69.00 | OK | |||
r-oldrel-windows-x86_64 | 1.1 | 30.00 | 133.00 | 163.00 | OK |
Version: 1.1
Check: dependencies in R code
Result: NOTE
Namespace in Imports field not imported from: ‘Rdpack’
All declared Imports should be used.
Flavors: r-devel-linux-x86_64-fedora-clang, r-devel-linux-x86_64-fedora-gcc