CRAN Package Check Results for Package MCI2

Last updated on 2020-02-27 17:51:00 CET.

Flavor Version Tinstall Tcheck Ttotal Status Flags
r-devel-linux-x86_64-debian-clang 1.1.2 10.46 100.74 111.20 OK
r-devel-linux-x86_64-debian-gcc 1.1.2 9.99 78.40 88.39 OK
r-devel-linux-x86_64-fedora-clang 1.1.2 146.38 NOTE
r-devel-linux-x86_64-fedora-gcc 1.1.2 135.43 NOTE
r-devel-windows-ix86+x86_64 1.1.2 26.00 102.00 128.00 OK
r-devel-windows-ix86+x86_64-gcc8 1.1.2 26.00 108.00 134.00 OK
r-patched-linux-x86_64 1.1.2 11.14 88.19 99.33 OK
r-patched-solaris-x86 1.1.2 190.60 NOTE
r-release-linux-x86_64 1.1.2 10.84 88.10 98.94 OK
r-release-windows-ix86+x86_64 1.1.2 21.00 95.00 116.00 OK
r-release-osx-x86_64 1.1.2 NOTE
r-oldrel-windows-ix86+x86_64 1.1.2 12.00 88.00 100.00 OK
r-oldrel-osx-x86_64 1.1.2 NOTE

Check Details

Version: 1.1.2
Check: data for non-ASCII characters
Result: NOTE
     Note: found 28 marked UTF-8 strings
Flavors: r-devel-linux-x86_64-fedora-clang, r-devel-linux-x86_64-fedora-gcc, r-patched-solaris-x86, r-release-osx-x86_64, r-oldrel-osx-x86_64