CRAN Package Check Results for Package MCMCpack

Last updated on 2018-07-20 22:50:25 CEST.

Flavor Version Tinstall Tcheck Ttotal Status Flags
r-devel-linux-x86_64-debian-clang 1.4-3 439.36 105.95 545.31 OK
r-devel-linux-x86_64-debian-gcc 1.4-3 239.53 83.46 322.99 OK
r-devel-linux-x86_64-fedora-clang 1.4-3 766.57 NOTE
r-devel-linux-x86_64-fedora-gcc 1.4-3 543.42 OK
r-devel-windows-ix86+x86_64 1.4-3 465.00 225.00 690.00 NOTE
r-patched-linux-x86_64 1.4-3 270.76 96.31 367.07 OK
r-patched-solaris-x86 1.4-3 473.80 OK
r-release-linux-x86_64 1.4-3 270.93 96.79 367.72 OK
r-release-windows-ix86+x86_64 1.4-3 640.00 190.00 830.00 NOTE
r-release-osx-x86_64 1.4-3 NOTE
r-oldrel-windows-ix86+x86_64 1.4-3 610.00 139.00 749.00 NOTE
r-oldrel-osx-x86_64 1.4-3 NOTE

Check Details

Version: 1.4-3
Check: installed package size
Result: NOTE
     installed size is 36.3Mb
     sub-directories of 1Mb or more:
     libs 35.2Mb
Flavors: r-devel-linux-x86_64-fedora-clang, r-devel-windows-ix86+x86_64, r-release-windows-ix86+x86_64, r-release-osx-x86_64, r-oldrel-windows-ix86+x86_64, r-oldrel-osx-x86_64