CRAN Package Check Results for Package MCMCpack

Last updated on 2018-01-24 05:54:58 CET.

Flavor Version Tinstall Tcheck Ttotal Status Flags
r-devel-linux-x86_64-debian-clang 1.4-2 404.43 95.87 500.30 OK
r-devel-linux-x86_64-debian-gcc 1.4-2 218.72 73.58 292.30 OK
r-devel-linux-x86_64-fedora-clang 1.4-2 744.72 NOTE
r-devel-linux-x86_64-fedora-gcc 1.4-2 467.65 NOTE
r-devel-windows-ix86+x86_64 1.4-2 530.00 190.00 720.00 NOTE
r-patched-linux-x86_64 1.4-2 249.27 99.67 348.94 OK
r-patched-solaris-x86 1.4-2 446.20 OK
r-release-linux-x86_64 1.4-2 241.58 99.71 341.29 OK
r-release-windows-ix86+x86_64 1.4-1 425.00 197.00 622.00 NOTE
r-release-osx-x86_64 1.4-2 NOTE
r-oldrel-windows-ix86+x86_64 1.4-2 458.00 132.00 590.00 NOTE
r-oldrel-osx-x86_64 1.4-1 NOTE

Check Details

Version: 1.4-2
Check: installed package size
Result: NOTE
     installed size is 35.6Mb
     sub-directories of 1Mb or more:
     libs 34.8Mb
Flavors: r-devel-linux-x86_64-fedora-clang, r-devel-linux-x86_64-fedora-gcc, r-devel-windows-ix86+x86_64, r-release-osx-x86_64, r-oldrel-windows-ix86+x86_64

Version: 1.4-1
Check: installed package size
Result: NOTE
     installed size is 6.7Mb
     sub-directories of 1Mb or more:
     libs 5.9Mb
Flavors: r-release-windows-ix86+x86_64, r-oldrel-osx-x86_64