CRAN Package Check Results for Package MCMCpack

Last updated on 2021-04-22 12:54:02 CEST.

Flavor Version Tinstall Tcheck Ttotal Status Flags
r-devel-linux-x86_64-debian-clang 1.5-0 534.18 133.44 667.62 OK
r-devel-linux-x86_64-debian-gcc 1.5-0 288.56 101.09 389.65 OK
r-devel-linux-x86_64-fedora-clang 1.5-0 989.70 NOTE
r-devel-linux-x86_64-fedora-gcc 1.5-0 737.00 OK
r-devel-windows-ix86+x86_64 1.5-0 770.00 230.00 1000.00 NOTE
r-devel-windows-x86_64-gcc10-UCRT 1.5-0 OK
r-patched-linux-x86_64 1.5-0 325.86 121.98 447.84 WARN
r-patched-solaris-x86 1.5-0 1063.90 NOTE
r-release-linux-x86_64 1.5-0 322.90 121.44 444.34 OK
r-release-macos-x86_64 1.5-0 NOTE
r-release-windows-ix86+x86_64 1.5-0 785.00 194.00 979.00 NOTE
r-oldrel-macos-x86_64 1.5-0 NOTE
r-oldrel-windows-ix86+x86_64 1.5-0 627.00 216.00 843.00 NOTE

Check Details

Version: 1.5-0
Check: installed package size
Result: NOTE
     installed size is 38.6Mb
     sub-directories of 1Mb or more:
     libs 37.6Mb
Flavors: r-devel-linux-x86_64-fedora-clang, r-devel-windows-ix86+x86_64, r-patched-solaris-x86, r-release-macos-x86_64, r-release-windows-ix86+x86_64, r-oldrel-macos-x86_64, r-oldrel-windows-ix86+x86_64

Version: 1.5-0
Check: whether package can be installed
Result: WARN
    Found the following significant warnings:
     Rd warning: /tmp/RtmpdAxOZy/R.INSTALL6efc5141fbb8/MCMCpack/man/SSVSquantreg.Rd:166: file link ‘summary.qrssvs’ in package ‘MCMCpack’ does not exist and so has been treated as a topic
Flavor: r-patched-linux-x86_64