CRAN Package Check Results for Package MCMCpack

Last updated on 2020-10-28 23:47:18 CET.

Flavor Version Tinstall Tcheck Ttotal Status Flags
r-devel-linux-x86_64-debian-clang 1.4-9 521.13 131.66 652.79 OK
r-devel-linux-x86_64-debian-gcc 1.4-9 316.68 99.48 416.16 OK
r-devel-linux-x86_64-fedora-clang 1.4-9 1090.82 NOTE
r-devel-linux-x86_64-fedora-gcc 1.4-9 755.22 OK
r-devel-windows-ix86+x86_64 1.4-9 777.00 220.00 997.00 NOTE
r-patched-linux-x86_64 1.4-9 358.44 121.29 479.73 OK
r-patched-solaris-x86 1.4-9 1148.20 NOTE
r-release-linux-x86_64 1.4-9 365.05 121.23 486.28 OK
r-release-macos-x86_64 1.4-9 NOTE
r-release-windows-ix86+x86_64 1.4-9 572.00 175.00 747.00 NOTE
r-oldrel-macos-x86_64 1.4-9 NOTE
r-oldrel-windows-ix86+x86_64 1.4-9 734.00 201.00 935.00 NOTE

Check Details

Version: 1.4-9
Check: installed package size
Result: NOTE
     installed size is 48.1Mb
     sub-directories of 1Mb or more:
     libs 47.0Mb
Flavors: r-devel-linux-x86_64-fedora-clang, r-devel-windows-ix86+x86_64, r-patched-solaris-x86, r-release-macos-x86_64, r-release-windows-ix86+x86_64, r-oldrel-macos-x86_64, r-oldrel-windows-ix86+x86_64