CRAN Package Check Results for Package MCMCpack

Last updated on 2018-10-20 03:50:24 CEST.

Flavor Version Tinstall Tcheck Ttotal Status Flags
r-devel-linux-x86_64-debian-clang 1.4-4 498.66 108.31 606.97 OK
r-devel-linux-x86_64-debian-gcc 1.4-4 259.63 85.08 344.71 OK
r-devel-linux-x86_64-fedora-clang 1.4-4 886.62 NOTE
r-devel-linux-x86_64-fedora-gcc 1.4-4 526.64 OK
r-devel-windows-ix86+x86_64 1.4-4 600.00 200.00 800.00 NOTE
r-patched-linux-x86_64 1.4-4 299.05 95.73 394.78 OK
r-patched-solaris-x86 1.4-4 470.60 OK
r-release-linux-x86_64 1.4-4 306.77 96.69 403.46 OK
r-release-windows-ix86+x86_64 1.4-4 639.00 187.00 826.00 NOTE
r-release-osx-x86_64 1.4-4 NOTE
r-oldrel-windows-ix86+x86_64 1.4-4 432.00 149.00 581.00 NOTE
r-oldrel-osx-x86_64 1.4-4 NOTE

Check Details

Version: 1.4-4
Check: installed package size
Result: NOTE
     installed size is 39.8Mb
     sub-directories of 1Mb or more:
     libs 38.7Mb
Flavors: r-devel-linux-x86_64-fedora-clang, r-devel-windows-ix86+x86_64, r-release-windows-ix86+x86_64, r-release-osx-x86_64, r-oldrel-windows-ix86+x86_64, r-oldrel-osx-x86_64