CRAN Package Check Results for Package MCMCprecision

Last updated on 2019-12-08 21:47:43 CET.

Flavor Version Tinstall Tcheck Ttotal Status Flags
r-devel-linux-x86_64-debian-clang 0.4.0 95.32 67.57 162.89 OK
r-devel-linux-x86_64-debian-gcc 0.4.0 64.73 53.71 118.44 OK
r-devel-linux-x86_64-fedora-clang 0.4.0 217.44 NOTE
r-devel-linux-x86_64-fedora-gcc 0.4.0 213.47 OK
r-devel-windows-ix86+x86_64 0.3.9 157.00 96.00 253.00 NOTE
r-devel-windows-ix86+x86_64-gcc8 0.3.9 196.00 107.00 303.00 NOTE
r-patched-linux-x86_64 0.4.0 75.47 62.51 137.98 OK
r-patched-solaris-x86 0.4.0 217.90 OK
r-release-linux-x86_64 0.4.0 76.14 62.75 138.89 OK
r-release-windows-ix86+x86_64 0.4.0 199.00 157.00 356.00 OK
r-release-osx-x86_64 0.4.0 NOTE
r-oldrel-windows-ix86+x86_64 0.4.0 154.00 97.00 251.00 OK
r-oldrel-osx-x86_64 0.4.0 NOTE

Check Details

Version: 0.4.0
Check: installed package size
Result: NOTE
     installed size is 15.9Mb
     sub-directories of 1Mb or more:
     libs 15.4Mb
Flavors: r-devel-linux-x86_64-fedora-clang, r-release-osx-x86_64, r-oldrel-osx-x86_64

Version: 0.3.9
Check: line endings in C/C++/Fortran sources/headers
Result: NOTE
    Found the following sources/headers with CR or CRLF line endings:
     inst/include/MCMCprecision.h
    Some Unix compilers require LF line endings.
Flavors: r-devel-windows-ix86+x86_64, r-devel-windows-ix86+x86_64-gcc8