CRAN Package Check Results for Package MCMCprecision

Last updated on 2020-07-07 05:48:31 CEST.

Flavor Version Tinstall Tcheck Ttotal Status Flags
r-devel-linux-x86_64-debian-clang 0.4.0 97.86 69.03 166.89 OK
r-devel-linux-x86_64-debian-gcc 0.4.0 78.37 54.94 133.31 OK
r-devel-linux-x86_64-fedora-clang 0.4.0 238.57 NOTE
r-devel-linux-x86_64-fedora-gcc 0.4.0 214.89 OK
r-devel-windows-ix86+x86_64 0.4.0 173.00 108.00 281.00 OK
r-patched-linux-x86_64 0.4.0 77.82 68.86 146.68 OK
r-patched-solaris-x86 0.4.0 217.70 OK
r-release-linux-x86_64 0.4.0 85.68 68.76 154.44 OK
r-release-osx-x86_64 0.4.0 NOTE
r-release-windows-ix86+x86_64 0.4.0 164.00 119.00 283.00 OK
r-oldrel-osx-x86_64 0.4.0 NOTE
r-oldrel-windows-ix86+x86_64 0.4.0 181.00 178.00 359.00 OK

Check Details

Version: 0.4.0
Check: installed package size
Result: NOTE
     installed size is 16.8Mb
     sub-directories of 1Mb or more:
     libs 16.3Mb
Flavors: r-devel-linux-x86_64-fedora-clang, r-release-osx-x86_64, r-oldrel-osx-x86_64

Version: 0.4.0
Check: Rd cross-references
Result: NOTE
    Undeclared package ‘coda’ in Rd xrefs
Flavor: r-devel-linux-x86_64-fedora-clang