CRAN Package Check Results for Package MCPModPack

Last updated on 2022-12-09 11:53:12 CET.

Flavor Version Tinstall Tcheck Ttotal Status Flags
r-devel-linux-x86_64-debian-clang 0.4 43.45 78.95 122.40 OK
r-devel-linux-x86_64-debian-gcc 0.4 41.21 65.38 106.59 OK
r-devel-linux-x86_64-fedora-clang 0.4 166.14 OK
r-devel-linux-x86_64-fedora-gcc 0.4 165.32 OK
r-devel-windows-x86_64 0.4 56.00 146.00 202.00 OK
r-patched-linux-x86_64 0.4 46.89 73.53 120.42 OK
r-release-linux-x86_64 0.4 43.57 73.76 117.33 OK
r-release-macos-arm64 0.4 44.00 NOTE
r-release-macos-x86_64 0.4 84.00 NOTE
r-release-windows-x86_64 0.4 53.00 130.00 183.00 OK
r-oldrel-macos-arm64 0.4 43.00 NOTE
r-oldrel-macos-x86_64 0.4 66.00 NOTE
r-oldrel-windows-ix86+x86_64 0.4 106.00 163.00 269.00 OK

Check Details

Version: 0.4
Check: installed package size
Result: NOTE
     installed size is 6.0Mb
     sub-directories of 1Mb or more:
     libs 5.4Mb
Flavors: r-release-macos-arm64, r-release-macos-x86_64, r-oldrel-macos-arm64, r-oldrel-macos-x86_64