CRAN Package Check Results for Package MDSPCAShiny

Last updated on 2020-02-19 20:48:25 CET.

Flavor Version Tinstall Tcheck Ttotal Status Flags
r-devel-linux-x86_64-debian-clang 0.1.0 1.84 17.23 19.07 OK
r-devel-linux-x86_64-debian-gcc 0.1.0 1.56 13.84 15.40 OK
r-devel-linux-x86_64-fedora-clang 0.1.0 23.68 NOTE
r-devel-linux-x86_64-fedora-gcc 0.1.0 23.60 NOTE
r-devel-windows-ix86+x86_64 0.1.0 5.00 30.00 35.00 OK
r-devel-windows-ix86+x86_64-gcc8 0.1.0 14.00 47.00 61.00 OK
r-patched-linux-x86_64 0.1.0 1.39 15.65 17.04 OK
r-patched-solaris-x86 0.1.0 34.90 NOTE
r-release-linux-x86_64 0.1.0 1.31 16.10 17.41 OK
r-release-windows-ix86+x86_64 0.1.0 4.00 30.00 34.00 OK
r-release-osx-x86_64 0.1.0 NOTE
r-oldrel-windows-ix86+x86_64 0.1.0 2.00 28.00 30.00 OK
r-oldrel-osx-x86_64 0.1.0 NOTE

Check Details

Version: 0.1.0
Check: dependencies in R code
Result: NOTE
    Namespaces in Imports field not imported from:
     ‘MASS’ ‘datasets’ ‘dplyr’ ‘psych’ ‘shiny’
     All declared Imports should be used.
Flavors: r-devel-linux-x86_64-fedora-clang, r-devel-linux-x86_64-fedora-gcc, r-patched-solaris-x86, r-release-osx-x86_64, r-oldrel-osx-x86_64