CRAN Package Check Results for Package MDSPCAShiny

Last updated on 2019-09-18 14:47:52 CEST.

Flavor Version Tinstall Tcheck Ttotal Status Flags
r-devel-linux-x86_64-debian-clang 0.1.0 1.75 15.55 17.30 OK
r-devel-linux-x86_64-debian-gcc 0.1.0 1.36 12.98 14.34 OK
r-devel-linux-x86_64-fedora-clang 0.1.0 22.24 NOTE
r-devel-linux-x86_64-fedora-gcc 0.1.0 21.24 NOTE
r-devel-windows-ix86+x86_64 0.1.0 12.00 42.00 54.00 OK
r-patched-linux-x86_64 0.1.0 1.43 15.84 17.27 OK
r-patched-solaris-x86 0.1.0 35.70 NOTE
r-release-linux-x86_64 0.1.0 1.41 15.48 16.89 OK
r-release-windows-ix86+x86_64 0.1.0 4.00 28.00 32.00 OK
r-release-osx-x86_64 0.1.0 NOTE
r-oldrel-windows-ix86+x86_64 0.1.0 3.00 26.00 29.00 OK
r-oldrel-osx-x86_64 0.1.0 NOTE

Check Details

Version: 0.1.0
Check: dependencies in R code
Result: NOTE
    Namespaces in Imports field not imported from:
     ‘MASS’ ‘datasets’ ‘dplyr’ ‘psych’ ‘shiny’
     All declared Imports should be used.
Flavors: r-devel-linux-x86_64-fedora-clang, r-devel-linux-x86_64-fedora-gcc, r-patched-solaris-x86, r-release-osx-x86_64, r-oldrel-osx-x86_64