CRAN Package Check Results for Package MEGENA

Last updated on 2018-05-23 01:46:38 CEST.

Flavor Version Tinstall Tcheck Ttotal Status Flags
r-devel-linux-x86_64-debian-clang 1.3.6 26.90 174.26 201.16 WARN
r-devel-linux-x86_64-debian-gcc 1.3.6 25.33 137.51 162.84 WARN
r-devel-linux-x86_64-fedora-clang 1.3.6 259.04 NOTE
r-devel-linux-x86_64-fedora-gcc 1.3.6 253.44 NOTE
r-devel-windows-ix86+x86_64 1.3.6 61.00 348.00 409.00 OK
r-patched-linux-x86_64 1.3.6 29.83 148.15 177.98 WARN
r-patched-solaris-x86 1.3.6 433.80 OK
r-release-linux-x86_64 1.3.6 33.45 144.47 177.92 WARN
r-release-windows-ix86+x86_64 1.3.6 73.00 296.00 369.00 OK
r-release-osx-x86_64 1.3.6 OK
r-oldrel-windows-ix86+x86_64 1.3.6 73.00 299.00 372.00 OK
r-oldrel-osx-x86_64 1.3.6 OK

Check Details

Version: 1.3.6
Check: compiled code
Result: NOTE
    File ‘MEGENA/libs/MEGENA.so’:
     Found no calls to: ‘R_registerRoutines’, ‘R_useDynamicSymbols’
    
    It is good practice to register native routines and to disable symbol
    search.
    
    See ‘Writing portable packages’ in the ‘Writing R Extensions’ manual.
Flavors: r-devel-linux-x86_64-debian-clang, r-devel-linux-x86_64-debian-gcc, r-devel-linux-x86_64-fedora-clang, r-devel-linux-x86_64-fedora-gcc, r-patched-linux-x86_64, r-release-linux-x86_64

Version: 1.3.6
Check: re-building of vignette outputs
Result: WARN
    Error in re-building vignettes:
     ...
    Loading required package: doParallel
    Loading required package: foreach
    Loading required package: iterators
    Loading required package: parallel
    Loading required package: igraph
    
    Attaching package: 'igraph'
    
    The following objects are masked from 'package:stats':
    
     decompose, spectrum
    
    The following object is masked from 'package:base':
    
     union
    
    Warning in vattrs[[name]][index] <- value :
     number of items to replace is not a multiple of replacement length
    Warning in vattrs[[name]][index] <- value :
     number of items to replace is not a multiple of replacement length
    Warning in vattrs[[name]][index] <- value :
     number of items to replace is not a multiple of replacement length
    Warning in vattrs[[name]][index] <- value :
     number of items to replace is not a multiple of replacement length
    Warning in vattrs[[name]][index] <- value :
     number of items to replace is not a multiple of replacement length
    Warning in vattrs[[name]][index] <- value :
     number of items to replace is not a multiple of replacement length
    Warning in vattrs[[name]][index] <- value :
     number of items to replace is not a multiple of replacement length
    Warning in vattrs[[name]][index] <- value :
     number of items to replace is not a multiple of replacement length
    Quitting from lines 76-92 (MEGENA_pipeline_10062016.Rmd)
    Error: processing vignette ‘MEGENA_pipeline_10062016.Rmd’ failed with diagnostics:
    task 1 failed - "the condition has length > 1"
    Execution halted
Flavors: r-devel-linux-x86_64-debian-clang, r-devel-linux-x86_64-debian-gcc, r-patched-linux-x86_64, r-release-linux-x86_64