CRAN Package Check Results for Package MEGENA

Last updated on 2018-02-23 20:48:46 CET.

Flavor Version Tinstall Tcheck Ttotal Status Flags
r-devel-linux-x86_64-debian-clang 1.3.6 24.33 150.68 175.01 NOTE
r-devel-linux-x86_64-debian-gcc 1.3.6 23.97 118.09 142.06 NOTE
r-devel-linux-x86_64-fedora-clang 1.3.6 219.71 NOTE
r-devel-linux-x86_64-fedora-gcc 1.3.6 230.62 NOTE
r-devel-windows-ix86+x86_64 1.3.6 72.00 295.00 367.00 OK
r-patched-linux-x86_64 1.3.6 23.04 167.71 190.75 NOTE
r-patched-solaris-x86 1.3.6 418.60 OK
r-release-linux-x86_64 1.3.6 23.15 170.84 193.99 NOTE
r-release-windows-ix86+x86_64 1.3.6 67.00 306.00 373.00 OK
r-release-osx-x86_64 1.3.6 OK
r-oldrel-windows-ix86+x86_64 1.3.6 52.00 227.00 279.00 OK
r-oldrel-osx-x86_64 1.3.6 OK

Check Details

Version: 1.3.6
Check: compiled code
Result: NOTE
    File ‘MEGENA/libs/MEGENA.so’:
     Found no calls to: ‘R_registerRoutines’, ‘R_useDynamicSymbols’
    
    It is good practice to register native routines and to disable symbol
    search.
    
    See ‘Writing portable packages’ in the ‘Writing R Extensions’ manual.
Flavors: r-devel-linux-x86_64-debian-clang, r-devel-linux-x86_64-debian-gcc, r-devel-linux-x86_64-fedora-clang, r-devel-linux-x86_64-fedora-gcc, r-patched-linux-x86_64, r-release-linux-x86_64