CRAN Package Check Results for Package MFSIS

Last updated on 2022-08-18 06:49:32 CEST.

Flavor Version Tinstall Tcheck Ttotal Status Flags
r-devel-linux-x86_64-debian-clang 0.1.3 8.93 107.90 116.83 OK
r-devel-linux-x86_64-debian-gcc 0.1.3 8.78 80.45 89.23 OK
r-devel-linux-x86_64-fedora-clang 0.1.3 149.92 NOTE
r-devel-linux-x86_64-fedora-gcc 0.1.3 151.13 NOTE
r-devel-windows-x86_64 0.1.3 21.00 142.00 163.00 OK
r-patched-linux-x86_64 0.1.3 9.46 103.05 112.51 OK
r-release-linux-x86_64 0.1.3 11.36 102.94 114.30 OK
r-release-macos-arm64 0.1.3 42.00 NOTE
r-release-macos-x86_64 0.1.3 57.00 NOTE
r-release-windows-x86_64 0.1.3 24.00 141.00 165.00 OK
r-oldrel-macos-arm64 0.1.3 38.00 NOTE
r-oldrel-macos-x86_64 0.1.3 58.00 NOTE
r-oldrel-windows-ix86+x86_64 0.1.3 20.00 121.00 141.00 OK

Check Details

Version: 0.1.3
Check: dependencies in R code
Result: NOTE
    Namespace in Imports field not imported from: ‘fs’
     All declared Imports should be used.
Flavors: r-devel-linux-x86_64-fedora-clang, r-devel-linux-x86_64-fedora-gcc, r-release-macos-arm64, r-release-macos-x86_64, r-oldrel-macos-arm64, r-oldrel-macos-x86_64