CRAN Package Check Results for Package MGLM

Last updated on 2024-06-24 17:58:00 CEST.

Flavor Version Tinstall Tcheck Ttotal Status Flags
r-devel-linux-x86_64-debian-clang 0.2.1 7.51 72.86 80.37 NOTE
r-devel-linux-x86_64-debian-gcc 0.2.1 8.04 51.63 59.67 NOTE
r-devel-linux-x86_64-fedora-clang 0.2.1 101.58 NOTE
r-devel-linux-x86_64-fedora-gcc 0.2.1 197.06 NOTE
r-devel-windows-x86_64 0.2.1 9.00 72.00 81.00 NOTE
r-patched-linux-x86_64 0.2.1 9.52 68.73 78.25 NOTE
r-release-linux-x86_64 0.2.1 8.58 67.77 76.35 NOTE
r-release-macos-arm64 0.2.1 46.00 NOTE
r-release-macos-x86_64 0.2.1 87.00 NOTE
r-release-windows-x86_64 0.2.1 8.00 71.00 79.00 NOTE
r-oldrel-macos-arm64 0.2.1 50.00 OK
r-oldrel-macos-x86_64 0.2.1 95.00 OK
r-oldrel-windows-x86_64 0.2.1 9.00 84.00 93.00 OK

Check Details

Version: 0.2.1
Check: Rd files
Result: NOTE checkRd: (-1) MGLMfit.Rd:68: Lost braces in \itemize; \value handles \item{}{} directly checkRd: (-1) MGLMfit.Rd:69: Lost braces in \itemize; \value handles \item{}{} directly checkRd: (-1) MGLMfit.Rd:70: Lost braces in \itemize; \value handles \item{}{} directly checkRd: (-1) MGLMfit.Rd:71: Lost braces in \itemize; \value handles \item{}{} directly checkRd: (-1) MGLMfit.Rd:72: Lost braces in \itemize; \value handles \item{}{} directly checkRd: (-1) MGLMfit.Rd:73: Lost braces in \itemize; \value handles \item{}{} directly checkRd: (-1) MGLMfit.Rd:74: Lost braces in \itemize; \value handles \item{}{} directly checkRd: (-1) MGLMfit.Rd:75: Lost braces in \itemize; \value handles \item{}{} directly checkRd: (-1) MGLMfit.Rd:76: Lost braces in \itemize; \value handles \item{}{} directly checkRd: (-1) MGLMfit.Rd:77: Lost braces in \itemize; \value handles \item{}{} directly checkRd: (-1) MGLMfit.Rd:78: Lost braces in \itemize; \value handles \item{}{} directly checkRd: (-1) MGLMfit.Rd:79: Lost braces in \itemize; \value handles \item{}{} directly checkRd: (-1) MGLMreg.Rd:75: Lost braces in \itemize; \value handles \item{}{} directly checkRd: (-1) MGLMreg.Rd:76: Lost braces in \itemize; \value handles \item{}{} directly checkRd: (-1) MGLMreg.Rd:77: Lost braces in \itemize; \value handles \item{}{} directly checkRd: (-1) MGLMreg.Rd:78: Lost braces in \itemize; \value handles \item{}{} directly checkRd: (-1) MGLMreg.Rd:79: Lost braces in \itemize; \value handles \item{}{} directly checkRd: (-1) MGLMreg.Rd:80: Lost braces in \itemize; \value handles \item{}{} directly checkRd: (-1) MGLMreg.Rd:81: Lost braces in \itemize; \value handles \item{}{} directly checkRd: (-1) MGLMreg.Rd:82: Lost braces in \itemize; \value handles \item{}{} directly checkRd: (-1) MGLMreg.Rd:83: Lost braces in \itemize; \value handles \item{}{} directly checkRd: (-1) MGLMreg.Rd:84: Lost braces in \itemize; \value handles \item{}{} directly checkRd: (-1) MGLMreg.Rd:85: Lost braces in \itemize; \value handles \item{}{} directly checkRd: (-1) MGLMreg.Rd:86: Lost braces in \itemize; \value handles \item{}{} directly checkRd: (-1) MGLMreg.Rd:87: Lost braces in \itemize; \value handles \item{}{} directly checkRd: (-1) MGLMreg.Rd:88: Lost braces in \itemize; \value handles \item{}{} directly checkRd: (-1) MGLMreg.Rd:89: Lost braces in \itemize; \value handles \item{}{} directly checkRd: (-1) MGLMreg.Rd:90: Lost braces in \itemize; \value handles \item{}{} directly checkRd: (-1) MGLMsparsereg.Rd:96: Lost braces in \itemize; \value handles \item{}{} directly checkRd: (-1) MGLMsparsereg.Rd:97: Lost braces in \itemize; \value handles \item{}{} directly checkRd: (-1) MGLMsparsereg.Rd:98: Lost braces in \itemize; \value handles \item{}{} directly checkRd: (-1) MGLMsparsereg.Rd:99: Lost braces in \itemize; \value handles \item{}{} directly checkRd: (-1) MGLMsparsereg.Rd:100: Lost braces in \itemize; \value handles \item{}{} directly checkRd: (-1) MGLMsparsereg.Rd:101: Lost braces in \itemize; \value handles \item{}{} directly checkRd: (-1) MGLMsparsereg.Rd:102-106: Lost braces in \itemize; \value handles \item{}{} directly checkRd: (-1) MGLMsparsereg.Rd:107: Lost braces in \itemize; \value handles \item{}{} directly checkRd: (-1) MGLMsparsereg.Rd:108-109: Lost braces in \itemize; \value handles \item{}{} directly checkRd: (-1) MGLMsparsereg.Rd:110: Lost braces in \itemize; \value handles \item{}{} directly checkRd: (-1) MGLMtune.Rd:64: Lost braces in \itemize; \value handles \item{}{} directly checkRd: (-1) MGLMtune.Rd:65: Lost braces in \itemize; \value handles \item{}{} directly Flavors: r-devel-linux-x86_64-debian-clang, r-devel-linux-x86_64-debian-gcc, r-devel-linux-x86_64-fedora-clang, r-devel-linux-x86_64-fedora-gcc, r-devel-windows-x86_64, r-patched-linux-x86_64, r-release-linux-x86_64, r-release-macos-arm64, r-release-macos-x86_64, r-release-windows-x86_64